{"id":14150,"date":"2022-12-07T10:48:57","date_gmt":"2022-12-07T08:48:57","guid":{"rendered":"https:\/\/rubi5.com\/?post_type=product&#038;p=14150"},"modified":"2026-01-22T04:35:15","modified_gmt":"2026-01-22T02:35:15","slug":"bolsa-fizzy","status":"publish","type":"product","link":"https:\/\/rubi5.com\/staging\/bolsa-fizzy\/","title":{"rendered":"Bolsa algod\u00f3n org\u00e1nico Fizzy 180g\/m2"},"content":{"rendered":"","protected":false},"excerpt":{"rendered":"<p>Bolsa fabricada en material100% algod\u00f3n org\u00e1nico de 180g\/m2 y en tono natural. Con certificaci\u00f3n GOTS (Global Organic Textile Standard, \u00f3 Norma Mundial de Textiles Org\u00e1nicos) que garantiza que los tejidos est\u00e1n hechos de fibras org\u00e1nicas. De acabado cosido, con asas medianas reforzadas de 70 cm. Resistencia hasta 8kg, incluida etiqueta con distintivo de algod\u00f3n org\u00e1nico y hangtag en cart\u00f3n reciclado.<\/p>\n<p><strong>Medidas: 38 x 42 cm<\/strong><\/p>\n","protected":false},"featured_media":57975,"template":"","meta":{"_acf_changed":false},"product_brand":[],"product_cat":[219,196,21],"product_tag":[],"class_list":{"0":"post-14150","1":"product","2":"type-product","3":"status-publish","4":"has-post-thumbnail","6":"product_cat-bolsas-de-tela","7":"product_cat-bolsas-personalizadas","8":"product_cat-bolsas-y-mochilas","10":"first","11":"instock","12":"taxable","13":"shipping-taxable","14":"purchasable","15":"product-type-variable"},"acf":[],"_links":{"self":[{"href":"https:\/\/rubi5.com\/staging\/wp-json\/wp\/v2\/product\/14150","targetHints":{"allow":["GET"]}}],"collection":[{"href":"https:\/\/rubi5.com\/staging\/wp-json\/wp\/v2\/product"}],"about":[{"href":"https:\/\/rubi5.com\/staging\/wp-json\/wp\/v2\/types\/product"}],"version-history":[{"count":4,"href":"https:\/\/rubi5.com\/staging\/wp-json\/wp\/v2\/product\/14150\/revisions"}],"predecessor-version":[{"id":60405,"href":"https:\/\/rubi5.com\/staging\/wp-json\/wp\/v2\/product\/14150\/revisions\/60405"}],"wp:featuredmedia":[{"embeddable":true,"href":"https:\/\/rubi5.com\/staging\/wp-json\/wp\/v2\/media\/57975"}],"wp:attachment":[{"href":"https:\/\/rubi5.com\/staging\/wp-json\/wp\/v2\/media?parent=14150"}],"wp:term":[{"taxonomy":"product_brand","embeddable":true,"href":"https:\/\/rubi5.com\/staging\/wp-json\/wp\/v2\/product_brand?post=14150"},{"taxonomy":"product_cat","embeddable":true,"href":"https:\/\/rubi5.com\/staging\/wp-json\/wp\/v2\/product_cat?post=14150"},{"taxonomy":"product_tag","embeddable":true,"href":"https:\/\/rubi5.com\/staging\/wp-json\/wp\/v2\/product_tag?post=14150"}],"curies":[{"name":"wp","href":"https:\/\/api.w.org\/{rel}","templated":true}]}}