{"id":14166,"date":"2022-12-07T10:48:58","date_gmt":"2022-12-07T08:48:58","guid":{"rendered":"https:\/\/rubi5.com\/?post_type=product&#038;p=14166"},"modified":"2026-01-22T04:35:15","modified_gmt":"2026-01-22T02:35:15","slug":"bolsa-geiser","status":"publish","type":"product","link":"https:\/\/rubi5.com\/staging\/bolsa-geiser\/","title":{"rendered":"Bolsa algod\u00f3n colores Geiser"},"content":{"rendered":"","protected":false},"excerpt":{"rendered":"<p>Bolsa en material 100% algod\u00f3n 105 g\/m2 en variada gama de vivos colores. Con asas largas de 70cm y acabado cosido. Resistencia hasta 7kg de peso.<\/p>\n<p><strong>Medidas: 36 x 40 cm<\/strong><\/p>\n<p>Una bolsa de feria fabricada en algod\u00f3n, que podr\u00e1s personalizar con tu marca y repartir a la entrada de la feria comercial a la que asistir\u00e1 tu empresa. No ser\u00e9is los \u00fanicos que regalen una bolsa publicitaria, ya que es un cl\u00e1sico en eventos y ferias, pero pod\u00e9is elegir un color que llame m\u00e1s la atenci\u00f3n de la gente, con un dise\u00f1o original, y ser la primera opci\u00f3n para acercarse a vuestro stand a por una bolsa personalizada.<\/p>\n","protected":false},"featured_media":57986,"template":"","meta":{"_acf_changed":false},"product_brand":[],"product_cat":[219,196,21],"product_tag":[],"class_list":{"0":"post-14166","1":"product","2":"type-product","3":"status-publish","4":"has-post-thumbnail","6":"product_cat-bolsas-de-tela","7":"product_cat-bolsas-personalizadas","8":"product_cat-bolsas-y-mochilas","10":"first","11":"instock","12":"taxable","13":"shipping-taxable","14":"purchasable","15":"product-type-variable"},"acf":[],"_links":{"self":[{"href":"https:\/\/rubi5.com\/staging\/wp-json\/wp\/v2\/product\/14166","targetHints":{"allow":["GET"]}}],"collection":[{"href":"https:\/\/rubi5.com\/staging\/wp-json\/wp\/v2\/product"}],"about":[{"href":"https:\/\/rubi5.com\/staging\/wp-json\/wp\/v2\/types\/product"}],"version-history":[{"count":6,"href":"https:\/\/rubi5.com\/staging\/wp-json\/wp\/v2\/product\/14166\/revisions"}],"predecessor-version":[{"id":61553,"href":"https:\/\/rubi5.com\/staging\/wp-json\/wp\/v2\/product\/14166\/revisions\/61553"}],"wp:featuredmedia":[{"embeddable":true,"href":"https:\/\/rubi5.com\/staging\/wp-json\/wp\/v2\/media\/57986"}],"wp:attachment":[{"href":"https:\/\/rubi5.com\/staging\/wp-json\/wp\/v2\/media?parent=14166"}],"wp:term":[{"taxonomy":"product_brand","embeddable":true,"href":"https:\/\/rubi5.com\/staging\/wp-json\/wp\/v2\/product_brand?post=14166"},{"taxonomy":"product_cat","embeddable":true,"href":"https:\/\/rubi5.com\/staging\/wp-json\/wp\/v2\/product_cat?post=14166"},{"taxonomy":"product_tag","embeddable":true,"href":"https:\/\/rubi5.com\/staging\/wp-json\/wp\/v2\/product_tag?post=14166"}],"curies":[{"name":"wp","href":"https:\/\/api.w.org\/{rel}","templated":true}]}}