{"id":14342,"date":"2022-12-07T11:01:20","date_gmt":"2022-12-07T09:01:20","guid":{"rendered":"https:\/\/rubi5.com\/?post_type=product&#038;p=14342"},"modified":"2026-01-22T11:14:33","modified_gmt":"2026-01-22T09:14:33","slug":"bolsa-plegable-nepax","status":"publish","type":"product","link":"https:\/\/rubi5.com\/staging\/bolsa-plegable-nepax\/","title":{"rendered":"Bolsa plegable algod\u00f3n Nepax"},"content":{"rendered":"","protected":false},"excerpt":{"rendered":"<p>Bolsa plegable de l\u00ednea nature en material 100% algod\u00f3n org\u00e1nico natural de 120 g\/m2. Asas largas de 70cm con refuerzo y de acabado cosido. Resistencia hasta 9 kg de peso.<\/p>\n<p><strong>Medidas: 38 x 42 cm\u00a0<\/strong><\/p>\n<p>Si quieres tener un detalle con tus clientes, busca una bolsa plegable tan pr\u00e1ctica como esta. Podr\u00e1s cerrarla de forma sencilla, con un cierre f\u00e1cil de apretar, y ya tendr\u00e1s tu bolsa con un tama\u00f1o ideal para guardar y transportar a diario.<\/p>\n","protected":false},"featured_media":57999,"template":"","meta":{"_acf_changed":false},"product_brand":[],"product_cat":[196,217,21],"product_tag":[],"class_list":{"0":"post-14342","1":"product","2":"type-product","3":"status-publish","4":"has-post-thumbnail","6":"product_cat-bolsas-personalizadas","7":"product_cat-bolsas-plegables","8":"product_cat-bolsas-y-mochilas","10":"first","11":"instock","12":"taxable","13":"shipping-taxable","14":"purchasable","15":"product-type-variable"},"acf":[],"_links":{"self":[{"href":"https:\/\/rubi5.com\/staging\/wp-json\/wp\/v2\/product\/14342","targetHints":{"allow":["GET"]}}],"collection":[{"href":"https:\/\/rubi5.com\/staging\/wp-json\/wp\/v2\/product"}],"about":[{"href":"https:\/\/rubi5.com\/staging\/wp-json\/wp\/v2\/types\/product"}],"version-history":[{"count":6,"href":"https:\/\/rubi5.com\/staging\/wp-json\/wp\/v2\/product\/14342\/revisions"}],"predecessor-version":[{"id":60364,"href":"https:\/\/rubi5.com\/staging\/wp-json\/wp\/v2\/product\/14342\/revisions\/60364"}],"wp:featuredmedia":[{"embeddable":true,"href":"https:\/\/rubi5.com\/staging\/wp-json\/wp\/v2\/media\/57999"}],"wp:attachment":[{"href":"https:\/\/rubi5.com\/staging\/wp-json\/wp\/v2\/media?parent=14342"}],"wp:term":[{"taxonomy":"product_brand","embeddable":true,"href":"https:\/\/rubi5.com\/staging\/wp-json\/wp\/v2\/product_brand?post=14342"},{"taxonomy":"product_cat","embeddable":true,"href":"https:\/\/rubi5.com\/staging\/wp-json\/wp\/v2\/product_cat?post=14342"},{"taxonomy":"product_tag","embeddable":true,"href":"https:\/\/rubi5.com\/staging\/wp-json\/wp\/v2\/product_tag?post=14342"}],"curies":[{"name":"wp","href":"https:\/\/api.w.org\/{rel}","templated":true}]}}