{"id":14634,"date":"2022-12-07T13:40:53","date_gmt":"2022-12-07T11:40:53","guid":{"rendered":"https:\/\/rubi5.com\/?post_type=product&#038;p=14634"},"modified":"2026-01-22T11:14:32","modified_gmt":"2026-01-22T09:14:32","slug":"mochila-sublimacion-lizcom","status":"publish","type":"product","link":"https:\/\/rubi5.com\/staging\/mochila-sublimacion-lizcom\/","title":{"rendered":"Mochila Sublimaci\u00f3n Lizcom"},"content":{"rendered":"","protected":false},"excerpt":{"rendered":"<p>Mochila de cuerdas de inspiraci\u00f3n nature, en resistente poli\u00e9ster de suave tacto, especialmente elaborado para impresi\u00f3n en sublimaci\u00f3n. Con cuerdas autocierre en color natural y esquinas reforzadas.<\/p>\n","protected":false},"featured_media":14635,"template":"","meta":{"_acf_changed":false},"product_brand":[],"product_cat":[21,222,220],"product_tag":[],"class_list":{"0":"post-14634","1":"product","2":"type-product","3":"status-publish","4":"has-post-thumbnail","6":"product_cat-bolsas-y-mochilas","7":"product_cat-mochilas-para-sublimar","8":"product_cat-mochilas-personalizadas","10":"first","11":"instock","12":"taxable","13":"shipping-taxable","14":"purchasable","15":"product-type-variable"},"acf":[],"_links":{"self":[{"href":"https:\/\/rubi5.com\/staging\/wp-json\/wp\/v2\/product\/14634","targetHints":{"allow":["GET"]}}],"collection":[{"href":"https:\/\/rubi5.com\/staging\/wp-json\/wp\/v2\/product"}],"about":[{"href":"https:\/\/rubi5.com\/staging\/wp-json\/wp\/v2\/types\/product"}],"version-history":[{"count":1,"href":"https:\/\/rubi5.com\/staging\/wp-json\/wp\/v2\/product\/14634\/revisions"}],"predecessor-version":[{"id":14637,"href":"https:\/\/rubi5.com\/staging\/wp-json\/wp\/v2\/product\/14634\/revisions\/14637"}],"wp:featuredmedia":[{"embeddable":true,"href":"https:\/\/rubi5.com\/staging\/wp-json\/wp\/v2\/media\/14635"}],"wp:attachment":[{"href":"https:\/\/rubi5.com\/staging\/wp-json\/wp\/v2\/media?parent=14634"}],"wp:term":[{"taxonomy":"product_brand","embeddable":true,"href":"https:\/\/rubi5.com\/staging\/wp-json\/wp\/v2\/product_brand?post=14634"},{"taxonomy":"product_cat","embeddable":true,"href":"https:\/\/rubi5.com\/staging\/wp-json\/wp\/v2\/product_cat?post=14634"},{"taxonomy":"product_tag","embeddable":true,"href":"https:\/\/rubi5.com\/staging\/wp-json\/wp\/v2\/product_tag?post=14634"}],"curies":[{"name":"wp","href":"https:\/\/api.w.org\/{rel}","templated":true}]}}