{"id":14785,"date":"2022-12-07T15:23:30","date_gmt":"2022-12-07T13:23:30","guid":{"rendered":"https:\/\/rubi5.com\/?post_type=product&#038;p=14785"},"modified":"2026-01-22T11:14:10","modified_gmt":"2026-01-22T09:14:10","slug":"mochila-portadocumentos-hurkon","status":"publish","type":"product","link":"https:\/\/rubi5.com\/staging\/mochila-portadocumentos-hurkon\/","title":{"rendered":"Mochila Portadocumentos Hurkon"},"content":{"rendered":"","protected":false},"excerpt":{"rendered":"<p>Mochila portadocumentos en combinaci\u00f3n de resistente poli\u00e9ster 300D con detalles en polipiel.\u00a0 Con un compartimento principal con cierre de cremallera de doble tirador y bolsillo acolchado para port\u00e1til de hasta 15 pulgadas. Con cintas de hombros y espalda acolchadas, de ajuste regulable. Con accesorio para ajuste en trolley y bolsillo para ocultar las cintas de la espalda cuando se usa como portadocumentos.<\/p>\n<p>Podr\u00e1s usar esta mochila como malet\u00edn, gracias a su tirador. T\u00fa eliges si quieres usarlo como mochila o como malet\u00edn. Ideal para llevar una mochila corporativa en tus viajes de negocios. Muy c\u00f3moda para llevar a la espalda por la calle, pero coger de la mano cuando te encuentres en lugares concurridos como es el transporte p\u00fablico.<\/p>\n","protected":false},"featured_media":62039,"template":"","meta":{"_acf_changed":false},"product_brand":[],"product_cat":[21,224,220],"product_tag":[],"class_list":{"0":"post-14785","1":"product","2":"type-product","3":"status-publish","4":"has-post-thumbnail","6":"product_cat-bolsas-y-mochilas","7":"product_cat-mochilas-para-portatil","8":"product_cat-mochilas-personalizadas","10":"first","11":"instock","12":"taxable","13":"shipping-taxable","14":"product-type-variable"},"acf":[],"_links":{"self":[{"href":"https:\/\/rubi5.com\/staging\/wp-json\/wp\/v2\/product\/14785","targetHints":{"allow":["GET"]}}],"collection":[{"href":"https:\/\/rubi5.com\/staging\/wp-json\/wp\/v2\/product"}],"about":[{"href":"https:\/\/rubi5.com\/staging\/wp-json\/wp\/v2\/types\/product"}],"version-history":[{"count":3,"href":"https:\/\/rubi5.com\/staging\/wp-json\/wp\/v2\/product\/14785\/revisions"}],"predecessor-version":[{"id":56400,"href":"https:\/\/rubi5.com\/staging\/wp-json\/wp\/v2\/product\/14785\/revisions\/56400"}],"wp:featuredmedia":[{"embeddable":true,"href":"https:\/\/rubi5.com\/staging\/wp-json\/wp\/v2\/media\/62039"}],"wp:attachment":[{"href":"https:\/\/rubi5.com\/staging\/wp-json\/wp\/v2\/media?parent=14785"}],"wp:term":[{"taxonomy":"product_brand","embeddable":true,"href":"https:\/\/rubi5.com\/staging\/wp-json\/wp\/v2\/product_brand?post=14785"},{"taxonomy":"product_cat","embeddable":true,"href":"https:\/\/rubi5.com\/staging\/wp-json\/wp\/v2\/product_cat?post=14785"},{"taxonomy":"product_tag","embeddable":true,"href":"https:\/\/rubi5.com\/staging\/wp-json\/wp\/v2\/product_tag?post=14785"}],"curies":[{"name":"wp","href":"https:\/\/api.w.org\/{rel}","templated":true}]}}