{"id":15203,"date":"2022-12-12T10:13:31","date_gmt":"2022-12-12T08:13:31","guid":{"rendered":"https:\/\/rubi5.com\/?post_type=product&#038;p=15203"},"modified":"2026-01-18T11:22:50","modified_gmt":"2026-01-18T09:22:50","slug":"bidon-dokath","status":"publish","type":"product","link":"https:\/\/rubi5.com\/staging\/bidon-dokath\/","title":{"rendered":"Bid\u00f3n con funda Dokath"},"content":{"rendered":"","protected":false},"excerpt":{"rendered":"<p>Bid\u00f3n de cristal de 420ml de capacidad con funda de neopreno en vivos colores. Con tap\u00f3n de seguridad a rosca y cinta de transporte.<\/p>\n","protected":false},"featured_media":57840,"template":"","meta":{"_acf_changed":false},"product_brand":[],"product_cat":[233,234,904,30],"product_tag":[],"class_list":{"0":"post-15203","1":"product","2":"type-product","3":"status-publish","4":"has-post-thumbnail","6":"product_cat-botellas-personalizadas","7":"product_cat-botellas-reutilizables","8":"product_cat-detalles-personalizados","9":"product_cat-tazas-y-botellas","11":"first","12":"instock","13":"taxable","14":"shipping-taxable","15":"purchasable","16":"product-type-variable"},"acf":[],"_links":{"self":[{"href":"https:\/\/rubi5.com\/staging\/wp-json\/wp\/v2\/product\/15203","targetHints":{"allow":["GET"]}}],"collection":[{"href":"https:\/\/rubi5.com\/staging\/wp-json\/wp\/v2\/product"}],"about":[{"href":"https:\/\/rubi5.com\/staging\/wp-json\/wp\/v2\/types\/product"}],"version-history":[{"count":2,"href":"https:\/\/rubi5.com\/staging\/wp-json\/wp\/v2\/product\/15203\/revisions"}],"predecessor-version":[{"id":64343,"href":"https:\/\/rubi5.com\/staging\/wp-json\/wp\/v2\/product\/15203\/revisions\/64343"}],"wp:featuredmedia":[{"embeddable":true,"href":"https:\/\/rubi5.com\/staging\/wp-json\/wp\/v2\/media\/57840"}],"wp:attachment":[{"href":"https:\/\/rubi5.com\/staging\/wp-json\/wp\/v2\/media?parent=15203"}],"wp:term":[{"taxonomy":"product_brand","embeddable":true,"href":"https:\/\/rubi5.com\/staging\/wp-json\/wp\/v2\/product_brand?post=15203"},{"taxonomy":"product_cat","embeddable":true,"href":"https:\/\/rubi5.com\/staging\/wp-json\/wp\/v2\/product_cat?post=15203"},{"taxonomy":"product_tag","embeddable":true,"href":"https:\/\/rubi5.com\/staging\/wp-json\/wp\/v2\/product_tag?post=15203"}],"curies":[{"name":"wp","href":"https:\/\/api.w.org\/{rel}","templated":true}]}}