{"id":15220,"date":"2022-12-12T10:13:31","date_gmt":"2022-12-12T08:13:31","guid":{"rendered":"https:\/\/rubi5.com\/?post_type=product&#038;p=15220"},"modified":"2026-01-15T11:15:07","modified_gmt":"2026-01-15T09:15:07","slug":"bidon-terkol","status":"publish","type":"product","link":"https:\/\/rubi5.com\/staging\/bidon-terkol\/","title":{"rendered":"Bid\u00f3n de cristal Terkol"},"content":{"rendered":"","protected":false},"excerpt":{"rendered":"<p>Bid\u00f3n de cristal en alta calidad, de 500ml de capacidad, con cuerpo de acabado transparente en material libre de BPA y tap\u00f3n a rosca en acero inox. Disponible en variada gama de colores. Presentado en atractiva caja de dise\u00f1o.<\/p>\n","protected":false},"featured_media":57841,"template":"","meta":{"_acf_changed":false},"product_brand":[],"product_cat":[233,234,30],"product_tag":[],"class_list":{"0":"post-15220","1":"product","2":"type-product","3":"status-publish","4":"has-post-thumbnail","6":"product_cat-botellas-personalizadas","7":"product_cat-botellas-reutilizables","8":"product_cat-tazas-y-botellas","10":"first","11":"instock","12":"taxable","13":"shipping-taxable","14":"purchasable","15":"product-type-variable"},"acf":[],"_links":{"self":[{"href":"https:\/\/rubi5.com\/staging\/wp-json\/wp\/v2\/product\/15220","targetHints":{"allow":["GET"]}}],"collection":[{"href":"https:\/\/rubi5.com\/staging\/wp-json\/wp\/v2\/product"}],"about":[{"href":"https:\/\/rubi5.com\/staging\/wp-json\/wp\/v2\/types\/product"}],"version-history":[{"count":3,"href":"https:\/\/rubi5.com\/staging\/wp-json\/wp\/v2\/product\/15220\/revisions"}],"predecessor-version":[{"id":64340,"href":"https:\/\/rubi5.com\/staging\/wp-json\/wp\/v2\/product\/15220\/revisions\/64340"}],"wp:featuredmedia":[{"embeddable":true,"href":"https:\/\/rubi5.com\/staging\/wp-json\/wp\/v2\/media\/57841"}],"wp:attachment":[{"href":"https:\/\/rubi5.com\/staging\/wp-json\/wp\/v2\/media?parent=15220"}],"wp:term":[{"taxonomy":"product_brand","embeddable":true,"href":"https:\/\/rubi5.com\/staging\/wp-json\/wp\/v2\/product_brand?post=15220"},{"taxonomy":"product_cat","embeddable":true,"href":"https:\/\/rubi5.com\/staging\/wp-json\/wp\/v2\/product_cat?post=15220"},{"taxonomy":"product_tag","embeddable":true,"href":"https:\/\/rubi5.com\/staging\/wp-json\/wp\/v2\/product_tag?post=15220"}],"curies":[{"name":"wp","href":"https:\/\/api.w.org\/{rel}","templated":true}]}}