{"id":15309,"date":"2022-12-12T10:14:59","date_gmt":"2022-12-12T08:14:59","guid":{"rendered":"https:\/\/rubi5.com\/?post_type=product&#038;p=15309"},"modified":"2026-01-18T11:22:50","modified_gmt":"2026-01-18T09:22:50","slug":"botella-de-tritan-rizbo","status":"publish","type":"product","link":"https:\/\/rubi5.com\/staging\/botella-de-tritan-rizbo\/","title":{"rendered":"Botella de trit\u00e1n Rizbo"},"content":{"rendered":"","protected":false},"excerpt":{"rendered":"<p>Bid\u00f3n de 500ml de capacidad. Libre de BPA, con cuerpo fabricado en trit\u00e1n transparente y de alta resistencia al calor. Tap\u00f3n a rosca en acero inox, con cord\u00f3n de transporte. Disponible en variada gama de colores.<\/p>\n","protected":false},"featured_media":15376,"template":"","meta":{"_acf_changed":false},"product_brand":[],"product_cat":[234,233,30],"product_tag":[],"class_list":{"0":"post-15309","1":"product","2":"type-product","3":"status-publish","4":"has-post-thumbnail","6":"product_cat-botellas-reutilizables","7":"product_cat-botellas-personalizadas","8":"product_cat-tazas-y-botellas","10":"first","11":"instock","12":"taxable","13":"shipping-taxable","14":"purchasable","15":"product-type-variable"},"acf":[],"_links":{"self":[{"href":"https:\/\/rubi5.com\/staging\/wp-json\/wp\/v2\/product\/15309","targetHints":{"allow":["GET"]}}],"collection":[{"href":"https:\/\/rubi5.com\/staging\/wp-json\/wp\/v2\/product"}],"about":[{"href":"https:\/\/rubi5.com\/staging\/wp-json\/wp\/v2\/types\/product"}],"version-history":[{"count":2,"href":"https:\/\/rubi5.com\/staging\/wp-json\/wp\/v2\/product\/15309\/revisions"}],"predecessor-version":[{"id":64339,"href":"https:\/\/rubi5.com\/staging\/wp-json\/wp\/v2\/product\/15309\/revisions\/64339"}],"wp:featuredmedia":[{"embeddable":true,"href":"https:\/\/rubi5.com\/staging\/wp-json\/wp\/v2\/media\/15376"}],"wp:attachment":[{"href":"https:\/\/rubi5.com\/staging\/wp-json\/wp\/v2\/media?parent=15309"}],"wp:term":[{"taxonomy":"product_brand","embeddable":true,"href":"https:\/\/rubi5.com\/staging\/wp-json\/wp\/v2\/product_brand?post=15309"},{"taxonomy":"product_cat","embeddable":true,"href":"https:\/\/rubi5.com\/staging\/wp-json\/wp\/v2\/product_cat?post=15309"},{"taxonomy":"product_tag","embeddable":true,"href":"https:\/\/rubi5.com\/staging\/wp-json\/wp\/v2\/product_tag?post=15309"}],"curies":[{"name":"wp","href":"https:\/\/api.w.org\/{rel}","templated":true}]}}