{"id":15519,"date":"2022-12-12T10:18:06","date_gmt":"2022-12-12T08:18:06","guid":{"rendered":"https:\/\/rubi5.com\/?post_type=product&#038;p=15519"},"modified":"2026-01-21T20:26:06","modified_gmt":"2026-01-21T18:26:06","slug":"bidon-termico-staver","status":"publish","type":"product","link":"https:\/\/rubi5.com\/staging\/bidon-termico-staver\/","title":{"rendered":"Bid\u00f3n T\u00e9rmico Staver"},"content":{"rendered":"","protected":false},"excerpt":{"rendered":"<p>Bid\u00f3n t\u00e9rmico de acero inox, con doble capa y aislamiento de cobre al vac\u00edo. El mismo le permite mantener el calor y el frio durante un tiempo m\u00e1s prolongado, llegando a las 12 y 48 horas respectivamente. De 650ml de capacidad, y disponible en variada gama de colores metalizados. Presentado en atractiva caja de dise\u00f1o.<\/p>\n","protected":false},"featured_media":60613,"template":"","meta":{"_acf_changed":false},"product_brand":[],"product_cat":[233,235,30],"product_tag":[],"class_list":{"0":"post-15519","1":"product","2":"type-product","3":"status-publish","4":"has-post-thumbnail","6":"product_cat-botellas-personalizadas","7":"product_cat-botellas-termicas","8":"product_cat-tazas-y-botellas","10":"first","11":"instock","12":"taxable","13":"shipping-taxable","14":"purchasable","15":"product-type-variable"},"acf":[],"_links":{"self":[{"href":"https:\/\/rubi5.com\/staging\/wp-json\/wp\/v2\/product\/15519","targetHints":{"allow":["GET"]}}],"collection":[{"href":"https:\/\/rubi5.com\/staging\/wp-json\/wp\/v2\/product"}],"about":[{"href":"https:\/\/rubi5.com\/staging\/wp-json\/wp\/v2\/types\/product"}],"version-history":[{"count":2,"href":"https:\/\/rubi5.com\/staging\/wp-json\/wp\/v2\/product\/15519\/revisions"}],"predecessor-version":[{"id":60611,"href":"https:\/\/rubi5.com\/staging\/wp-json\/wp\/v2\/product\/15519\/revisions\/60611"}],"wp:featuredmedia":[{"embeddable":true,"href":"https:\/\/rubi5.com\/staging\/wp-json\/wp\/v2\/media\/60613"}],"wp:attachment":[{"href":"https:\/\/rubi5.com\/staging\/wp-json\/wp\/v2\/media?parent=15519"}],"wp:term":[{"taxonomy":"product_brand","embeddable":true,"href":"https:\/\/rubi5.com\/staging\/wp-json\/wp\/v2\/product_brand?post=15519"},{"taxonomy":"product_cat","embeddable":true,"href":"https:\/\/rubi5.com\/staging\/wp-json\/wp\/v2\/product_cat?post=15519"},{"taxonomy":"product_tag","embeddable":true,"href":"https:\/\/rubi5.com\/staging\/wp-json\/wp\/v2\/product_tag?post=15519"}],"curies":[{"name":"wp","href":"https:\/\/api.w.org\/{rel}","templated":true}]}}