{"id":15788,"date":"2022-12-12T12:58:37","date_gmt":"2022-12-12T10:58:37","guid":{"rendered":"https:\/\/rubi5.com\/?post_type=product&#038;p=15788"},"modified":"2026-01-21T20:26:06","modified_gmt":"2026-01-21T18:26:06","slug":"bloc-notas-brastel","status":"publish","type":"product","link":"https:\/\/rubi5.com\/staging\/bloc-notas-brastel\/","title":{"rendered":"Bloc Notas Brastel"},"content":{"rendered":"","protected":false},"excerpt":{"rendered":"<p>Set de bloc de notas y bol\u00edgrafo en l\u00ednea nature. Incluye bloc de notas con tapas r\u00edgidas en corcho natural y algod\u00f3n, con soporte para bol\u00edgrafo y 80 hojas lisas. Bol\u00edgrafo de mecanismo pulsador, con cuerpo en corcho natural y accesorios en ca\u00f1a de trigo, para as\u00ed fomentar la utilizaci\u00f3n de materias primas naturales y reducir las emisiones contaminantes. Tinta negra.<\/p>\n<p>Medidas libretas: 14.5 x 21 cm<\/p>\n","protected":false},"featured_media":62372,"template":"","meta":{"_acf_changed":false},"product_brand":[],"product_cat":[933,247,980,33,898],"product_tag":[],"class_list":{"0":"post-15788","1":"product","2":"type-product","3":"status-publish","4":"has-post-thumbnail","6":"product_cat-libretas-ecologicas","7":"product_cat-libretas-personalizadas","8":"product_cat-mas-regalos","9":"product_cat-oficina","10":"product_cat-regalos-ecologicos","12":"first","13":"instock","14":"taxable","15":"shipping-taxable","16":"purchasable","17":"product-type-variable"},"acf":[],"_links":{"self":[{"href":"https:\/\/rubi5.com\/staging\/wp-json\/wp\/v2\/product\/15788","targetHints":{"allow":["GET"]}}],"collection":[{"href":"https:\/\/rubi5.com\/staging\/wp-json\/wp\/v2\/product"}],"about":[{"href":"https:\/\/rubi5.com\/staging\/wp-json\/wp\/v2\/types\/product"}],"version-history":[{"count":3,"href":"https:\/\/rubi5.com\/staging\/wp-json\/wp\/v2\/product\/15788\/revisions"}],"predecessor-version":[{"id":57457,"href":"https:\/\/rubi5.com\/staging\/wp-json\/wp\/v2\/product\/15788\/revisions\/57457"}],"wp:featuredmedia":[{"embeddable":true,"href":"https:\/\/rubi5.com\/staging\/wp-json\/wp\/v2\/media\/62372"}],"wp:attachment":[{"href":"https:\/\/rubi5.com\/staging\/wp-json\/wp\/v2\/media?parent=15788"}],"wp:term":[{"taxonomy":"product_brand","embeddable":true,"href":"https:\/\/rubi5.com\/staging\/wp-json\/wp\/v2\/product_brand?post=15788"},{"taxonomy":"product_cat","embeddable":true,"href":"https:\/\/rubi5.com\/staging\/wp-json\/wp\/v2\/product_cat?post=15788"},{"taxonomy":"product_tag","embeddable":true,"href":"https:\/\/rubi5.com\/staging\/wp-json\/wp\/v2\/product_tag?post=15788"}],"curies":[{"name":"wp","href":"https:\/\/api.w.org\/{rel}","templated":true}]}}