{"id":15853,"date":"2022-12-12T12:59:44","date_gmt":"2022-12-12T10:59:44","guid":{"rendered":"https:\/\/rubi5.com\/?post_type=product&#038;p=15853"},"modified":"2026-01-21T20:26:06","modified_gmt":"2026-01-21T18:26:06","slug":"bloc-notas-klamax","status":"publish","type":"product","link":"https:\/\/rubi5.com\/staging\/bloc-notas-klamax\/","title":{"rendered":"Bloc Notas Klamax"},"content":{"rendered":"","protected":false},"excerpt":{"rendered":"<p>Bloc de notas A5 ecol\u00f3gica, con tapas duras de cart\u00f3n reciclado. Con un resistente acabado que har\u00e1 que las tapas de tu libreta no se estropeen.<\/p>\n<p>Contiene 100 hojas lisas en acabado kraft, con el distintivo reciclado en las esquinas de cada hoja.<\/p>\n<p>El\u00e1stico de sujeci\u00f3n para poder cerrarlo y un marcap\u00e1ginas de tela a juego.<\/p>\n<p>Las libretas ecol\u00f3gicas personalizadas son una de las mejores opciones en regalos ecol\u00f3gicos para sorprender a tus empleados. Ellos recibir\u00e1n encantados su regalo de bienvenida, y tu imagen de marca estar\u00e1 m\u00e1s presente en cada mesa de las oficinas de tu empresa.<\/p>\n<p>Medidas libreta: 14.7 x 21 cm<\/p>\n","protected":false},"featured_media":62378,"template":"","meta":{"_acf_changed":false},"product_brand":[],"product_cat":[934,933,247,980,33,898],"product_tag":[],"class_list":{"0":"post-15853","1":"product","2":"type-product","3":"status-publish","4":"has-post-thumbnail","6":"product_cat-libretas-a5","7":"product_cat-libretas-ecologicas","8":"product_cat-libretas-personalizadas","9":"product_cat-mas-regalos","10":"product_cat-oficina","11":"product_cat-regalos-ecologicos","13":"first","14":"instock","15":"taxable","16":"shipping-taxable","17":"purchasable","18":"product-type-variable"},"acf":[],"_links":{"self":[{"href":"https:\/\/rubi5.com\/staging\/wp-json\/wp\/v2\/product\/15853","targetHints":{"allow":["GET"]}}],"collection":[{"href":"https:\/\/rubi5.com\/staging\/wp-json\/wp\/v2\/product"}],"about":[{"href":"https:\/\/rubi5.com\/staging\/wp-json\/wp\/v2\/types\/product"}],"version-history":[{"count":5,"href":"https:\/\/rubi5.com\/staging\/wp-json\/wp\/v2\/product\/15853\/revisions"}],"predecessor-version":[{"id":57440,"href":"https:\/\/rubi5.com\/staging\/wp-json\/wp\/v2\/product\/15853\/revisions\/57440"}],"wp:featuredmedia":[{"embeddable":true,"href":"https:\/\/rubi5.com\/staging\/wp-json\/wp\/v2\/media\/62378"}],"wp:attachment":[{"href":"https:\/\/rubi5.com\/staging\/wp-json\/wp\/v2\/media?parent=15853"}],"wp:term":[{"taxonomy":"product_brand","embeddable":true,"href":"https:\/\/rubi5.com\/staging\/wp-json\/wp\/v2\/product_brand?post=15853"},{"taxonomy":"product_cat","embeddable":true,"href":"https:\/\/rubi5.com\/staging\/wp-json\/wp\/v2\/product_cat?post=15853"},{"taxonomy":"product_tag","embeddable":true,"href":"https:\/\/rubi5.com\/staging\/wp-json\/wp\/v2\/product_tag?post=15853"}],"curies":[{"name":"wp","href":"https:\/\/api.w.org\/{rel}","templated":true}]}}