{"id":16003,"date":"2022-12-12T13:02:04","date_gmt":"2022-12-12T11:02:04","guid":{"rendered":"https:\/\/rubi5.com\/?post_type=product&#038;p=16003"},"modified":"2026-01-21T20:25:22","modified_gmt":"2026-01-21T18:25:22","slug":"bloc-notas-yakis","status":"publish","type":"product","link":"https:\/\/rubi5.com\/staging\/bloc-notas-yakis\/","title":{"rendered":"Bloc Notas Yakis"},"content":{"rendered":"","protected":false},"excerpt":{"rendered":"<p>Bloc de notas con tapas de suave tacto acabadas en resistente cart\u00f3n de elegante acabado en blanco. Especialmente dise\u00f1ado para marcaje digital en tapas, cuenta con 80 hojas lisas adem\u00e1s de el\u00e1stico de sujeci\u00f3n y marcap\u00e1ginas de tela a juego.<\/p>\n<p>Medidas libreta: 9 x 14 cm<\/p>\n","protected":false},"featured_media":62384,"template":"","meta":{"_acf_changed":false},"product_brand":[],"product_cat":[935,247,33],"product_tag":[],"class_list":{"0":"post-16003","1":"product","2":"type-product","3":"status-publish","4":"has-post-thumbnail","6":"product_cat-libretas-a6","7":"product_cat-libretas-personalizadas","8":"product_cat-oficina","10":"first","11":"instock","12":"taxable","13":"shipping-taxable","14":"purchasable","15":"product-type-variable"},"acf":[],"_links":{"self":[{"href":"https:\/\/rubi5.com\/staging\/wp-json\/wp\/v2\/product\/16003","targetHints":{"allow":["GET"]}}],"collection":[{"href":"https:\/\/rubi5.com\/staging\/wp-json\/wp\/v2\/product"}],"about":[{"href":"https:\/\/rubi5.com\/staging\/wp-json\/wp\/v2\/types\/product"}],"version-history":[{"count":2,"href":"https:\/\/rubi5.com\/staging\/wp-json\/wp\/v2\/product\/16003\/revisions"}],"predecessor-version":[{"id":57447,"href":"https:\/\/rubi5.com\/staging\/wp-json\/wp\/v2\/product\/16003\/revisions\/57447"}],"wp:featuredmedia":[{"embeddable":true,"href":"https:\/\/rubi5.com\/staging\/wp-json\/wp\/v2\/media\/62384"}],"wp:attachment":[{"href":"https:\/\/rubi5.com\/staging\/wp-json\/wp\/v2\/media?parent=16003"}],"wp:term":[{"taxonomy":"product_brand","embeddable":true,"href":"https:\/\/rubi5.com\/staging\/wp-json\/wp\/v2\/product_brand?post=16003"},{"taxonomy":"product_cat","embeddable":true,"href":"https:\/\/rubi5.com\/staging\/wp-json\/wp\/v2\/product_cat?post=16003"},{"taxonomy":"product_tag","embeddable":true,"href":"https:\/\/rubi5.com\/staging\/wp-json\/wp\/v2\/product_tag?post=16003"}],"curies":[{"name":"wp","href":"https:\/\/api.w.org\/{rel}","templated":true}]}}