{"id":16261,"date":"2022-12-12T14:24:46","date_gmt":"2022-12-12T12:24:46","guid":{"rendered":"https:\/\/rubi5.com\/?post_type=product&#038;p=16261"},"modified":"2026-01-22T04:35:15","modified_gmt":"2026-01-22T02:35:15","slug":"portadocumentos-verse","status":"publish","type":"product","link":"https:\/\/rubi5.com\/staging\/portadocumentos-verse\/","title":{"rendered":"Portadocumentos Verse"},"content":{"rendered":"","protected":false},"excerpt":{"rendered":"<p>Portadocumentos con solapa de cierre de velcro en poli\u00e9ster 600D con elegante tira frontal en color negro. Con asas de transporte reforzadas y cinta bandolera ajustable. Compartimentos interiores para bol\u00edgrafos y funda para smartphone en PVC con funci\u00f3n t\u00e1ctil.<\/p>\n","protected":false},"featured_media":62319,"template":"","meta":{"_acf_changed":false},"product_brand":[],"product_cat":[250,937,33],"product_tag":[],"class_list":{"0":"post-16261","1":"product","2":"type-product","3":"status-publish","4":"has-post-thumbnail","6":"product_cat-maletines-personalizados","7":"product_cat-maletines-portadocumentos","8":"product_cat-oficina","10":"first","11":"instock","12":"taxable","13":"shipping-taxable","14":"purchasable","15":"product-type-variable"},"acf":[],"_links":{"self":[{"href":"https:\/\/rubi5.com\/staging\/wp-json\/wp\/v2\/product\/16261","targetHints":{"allow":["GET"]}}],"collection":[{"href":"https:\/\/rubi5.com\/staging\/wp-json\/wp\/v2\/product"}],"about":[{"href":"https:\/\/rubi5.com\/staging\/wp-json\/wp\/v2\/types\/product"}],"version-history":[{"count":1,"href":"https:\/\/rubi5.com\/staging\/wp-json\/wp\/v2\/product\/16261\/revisions"}],"predecessor-version":[{"id":16332,"href":"https:\/\/rubi5.com\/staging\/wp-json\/wp\/v2\/product\/16261\/revisions\/16332"}],"wp:featuredmedia":[{"embeddable":true,"href":"https:\/\/rubi5.com\/staging\/wp-json\/wp\/v2\/media\/62319"}],"wp:attachment":[{"href":"https:\/\/rubi5.com\/staging\/wp-json\/wp\/v2\/media?parent=16261"}],"wp:term":[{"taxonomy":"product_brand","embeddable":true,"href":"https:\/\/rubi5.com\/staging\/wp-json\/wp\/v2\/product_brand?post=16261"},{"taxonomy":"product_cat","embeddable":true,"href":"https:\/\/rubi5.com\/staging\/wp-json\/wp\/v2\/product_cat?post=16261"},{"taxonomy":"product_tag","embeddable":true,"href":"https:\/\/rubi5.com\/staging\/wp-json\/wp\/v2\/product_tag?post=16261"}],"curies":[{"name":"wp","href":"https:\/\/api.w.org\/{rel}","templated":true}]}}