{"id":16414,"date":"2022-12-12T14:27:30","date_gmt":"2022-12-12T12:27:30","guid":{"rendered":"https:\/\/rubi5.com\/?post_type=product&#038;p=16414"},"modified":"2026-01-22T04:34:09","modified_gmt":"2026-01-22T02:34:09","slug":"carpeta-ecosum","status":"publish","type":"product","link":"https:\/\/rubi5.com\/staging\/carpeta-ecosum\/","title":{"rendered":"Carpeta Ecosum"},"content":{"rendered":"","protected":false},"excerpt":{"rendered":"<p>Carpeta ecol\u00f3gica de gran capacidad con cierre el\u00e1stico en cart\u00f3n reciclado flexible y con sistema de plegado tripe.<\/p>\n","protected":false},"featured_media":62299,"template":"","meta":{"_acf_changed":false},"product_brand":[],"product_cat":[941,252,33],"product_tag":[],"class_list":{"0":"post-16414","1":"product","2":"type-product","3":"status-publish","4":"has-post-thumbnail","6":"product_cat-carpetas-corporativas","7":"product_cat-carpetas-personalizadas","8":"product_cat-oficina","10":"first","11":"instock","12":"taxable","13":"shipping-taxable","14":"product-type-variable"},"acf":[],"_links":{"self":[{"href":"https:\/\/rubi5.com\/staging\/wp-json\/wp\/v2\/product\/16414","targetHints":{"allow":["GET"]}}],"collection":[{"href":"https:\/\/rubi5.com\/staging\/wp-json\/wp\/v2\/product"}],"about":[{"href":"https:\/\/rubi5.com\/staging\/wp-json\/wp\/v2\/types\/product"}],"version-history":[{"count":2,"href":"https:\/\/rubi5.com\/staging\/wp-json\/wp\/v2\/product\/16414\/revisions"}],"predecessor-version":[{"id":67166,"href":"https:\/\/rubi5.com\/staging\/wp-json\/wp\/v2\/product\/16414\/revisions\/67166"}],"wp:featuredmedia":[{"embeddable":true,"href":"https:\/\/rubi5.com\/staging\/wp-json\/wp\/v2\/media\/62299"}],"wp:attachment":[{"href":"https:\/\/rubi5.com\/staging\/wp-json\/wp\/v2\/media?parent=16414"}],"wp:term":[{"taxonomy":"product_brand","embeddable":true,"href":"https:\/\/rubi5.com\/staging\/wp-json\/wp\/v2\/product_brand?post=16414"},{"taxonomy":"product_cat","embeddable":true,"href":"https:\/\/rubi5.com\/staging\/wp-json\/wp\/v2\/product_cat?post=16414"},{"taxonomy":"product_tag","embeddable":true,"href":"https:\/\/rubi5.com\/staging\/wp-json\/wp\/v2\/product_tag?post=16414"}],"curies":[{"name":"wp","href":"https:\/\/api.w.org\/{rel}","templated":true}]}}