{"id":19169,"date":"2022-12-13T15:01:38","date_gmt":"2022-12-13T13:01:38","guid":{"rendered":"https:\/\/rubi5.com\/?post_type=product&#038;p=19169"},"modified":"2026-01-21T11:20:47","modified_gmt":"2026-01-21T09:20:47","slug":"boligrafo-blacks","status":"publish","type":"product","link":"https:\/\/rubi5.com\/staging\/boligrafo-blacks\/","title":{"rendered":"Bol\u00edgrafo Blacks"},"content":{"rendered":"","protected":false},"excerpt":{"rendered":"<p>El bol\u00edgrafo Blacks se presenta en un dise\u00f1o monocolor, ofreciendo una amplia selecci\u00f3n de tonos vivos y atractivos con un acabado brillante que captura.<\/p>\n","protected":false},"featured_media":69834,"template":"","meta":{"_acf_changed":false},"product_brand":[],"product_cat":[723,317,904,43,1031],"product_tag":[],"class_list":{"0":"post-19169","1":"product","2":"type-product","3":"status-publish","4":"has-post-thumbnail","6":"product_cat-boligrafos-baratos","7":"product_cat-boligrafos-personalizados","8":"product_cat-detalles-personalizados","9":"product_cat-escritura","10":"product_cat-novedades","12":"first","13":"instock","14":"taxable","15":"shipping-taxable","16":"purchasable","17":"product-type-variable"},"acf":[],"_links":{"self":[{"href":"https:\/\/rubi5.com\/staging\/wp-json\/wp\/v2\/product\/19169","targetHints":{"allow":["GET"]}}],"collection":[{"href":"https:\/\/rubi5.com\/staging\/wp-json\/wp\/v2\/product"}],"about":[{"href":"https:\/\/rubi5.com\/staging\/wp-json\/wp\/v2\/types\/product"}],"version-history":[{"count":7,"href":"https:\/\/rubi5.com\/staging\/wp-json\/wp\/v2\/product\/19169\/revisions"}],"predecessor-version":[{"id":70149,"href":"https:\/\/rubi5.com\/staging\/wp-json\/wp\/v2\/product\/19169\/revisions\/70149"}],"wp:featuredmedia":[{"embeddable":true,"href":"https:\/\/rubi5.com\/staging\/wp-json\/wp\/v2\/media\/69834"}],"wp:attachment":[{"href":"https:\/\/rubi5.com\/staging\/wp-json\/wp\/v2\/media?parent=19169"}],"wp:term":[{"taxonomy":"product_brand","embeddable":true,"href":"https:\/\/rubi5.com\/staging\/wp-json\/wp\/v2\/product_brand?post=19169"},{"taxonomy":"product_cat","embeddable":true,"href":"https:\/\/rubi5.com\/staging\/wp-json\/wp\/v2\/product_cat?post=19169"},{"taxonomy":"product_tag","embeddable":true,"href":"https:\/\/rubi5.com\/staging\/wp-json\/wp\/v2\/product_tag?post=19169"}],"curies":[{"name":"wp","href":"https:\/\/api.w.org\/{rel}","templated":true}]}}