{"id":19571,"date":"2022-12-13T15:07:54","date_gmt":"2022-12-13T13:07:54","guid":{"rendered":"https:\/\/rubi5.com\/?post_type=product&#038;p=19571"},"modified":"2026-01-22T11:14:32","modified_gmt":"2026-01-22T09:14:32","slug":"boligrafo-desok","status":"publish","type":"product","link":"https:\/\/rubi5.com\/staging\/boligrafo-desok\/","title":{"rendered":"Bol\u00edgrafo Desok"},"content":{"rendered":"","protected":false},"excerpt":{"rendered":"<p>Redescubre la escritura con el bol\u00edgrafo <strong>Desok<\/strong>, un icono de la sostenibilidad.<\/p>\n<p>Con un cuerpo de cart\u00f3n reciclado y detalles en ca\u00f1a de trigo y ABS, que subrayan el compromiso con el medio ambiente.<\/p>\n<p>Su mecanismo pulsador eficiente y tinta azul, ofrece una experiencia de escritura responsable.<\/p>\n<p>Est\u00e1 disponible en varios colores y cuenta con el sello &#8216;Wheat Straw&#8217; como garant\u00eda de su origen ecol\u00f3gico.<\/p>\n","protected":false},"featured_media":59607,"template":"","meta":{"_acf_changed":false},"product_brand":[],"product_cat":[320,317,43],"product_tag":[],"class_list":{"0":"post-19571","1":"product","2":"type-product","3":"status-publish","4":"has-post-thumbnail","6":"product_cat-boligrafos-ecologicos","7":"product_cat-boligrafos-personalizados","8":"product_cat-escritura","10":"first","11":"instock","12":"taxable","13":"shipping-taxable","14":"purchasable","15":"product-type-variable"},"acf":[],"_links":{"self":[{"href":"https:\/\/rubi5.com\/staging\/wp-json\/wp\/v2\/product\/19571","targetHints":{"allow":["GET"]}}],"collection":[{"href":"https:\/\/rubi5.com\/staging\/wp-json\/wp\/v2\/product"}],"about":[{"href":"https:\/\/rubi5.com\/staging\/wp-json\/wp\/v2\/types\/product"}],"version-history":[{"count":3,"href":"https:\/\/rubi5.com\/staging\/wp-json\/wp\/v2\/product\/19571\/revisions"}],"predecessor-version":[{"id":59698,"href":"https:\/\/rubi5.com\/staging\/wp-json\/wp\/v2\/product\/19571\/revisions\/59698"}],"wp:featuredmedia":[{"embeddable":true,"href":"https:\/\/rubi5.com\/staging\/wp-json\/wp\/v2\/media\/59607"}],"wp:attachment":[{"href":"https:\/\/rubi5.com\/staging\/wp-json\/wp\/v2\/media?parent=19571"}],"wp:term":[{"taxonomy":"product_brand","embeddable":true,"href":"https:\/\/rubi5.com\/staging\/wp-json\/wp\/v2\/product_brand?post=19571"},{"taxonomy":"product_cat","embeddable":true,"href":"https:\/\/rubi5.com\/staging\/wp-json\/wp\/v2\/product_cat?post=19571"},{"taxonomy":"product_tag","embeddable":true,"href":"https:\/\/rubi5.com\/staging\/wp-json\/wp\/v2\/product_tag?post=19571"}],"curies":[{"name":"wp","href":"https:\/\/api.w.org\/{rel}","templated":true}]}}