{"id":19620,"date":"2022-12-13T15:08:42","date_gmt":"2022-12-13T13:08:42","guid":{"rendered":"https:\/\/rubi5.com\/?post_type=product&#038;p=19620"},"modified":"2026-01-19T19:14:37","modified_gmt":"2026-01-19T17:14:37","slug":"set-odegor","status":"publish","type":"product","link":"https:\/\/rubi5.com\/staging\/set-odegor\/","title":{"rendered":"Set Odegor"},"content":{"rendered":"","protected":false},"excerpt":{"rendered":"<p>Set de bol\u00edgrafo y roller de l\u00ednea nature. Fabricado en combinaci\u00f3n de corcho natural con metal, para as\u00ed fomentar la utilizaci\u00f3n de materias primas naturales y reducir las emisiones contaminantes. Bol\u00edgrafo de mecanismo giratorio en tinta azul. Roller con capucha y tinta gel en azul, con carga jumbo metalizada. Presentado en estuche individual de corcho con interior en antelina.<\/p>\n","protected":false},"featured_media":62897,"template":"","meta":{"_acf_changed":false},"product_brand":[],"product_cat":[317,43,322],"product_tag":[],"class_list":{"0":"post-19620","1":"product","2":"type-product","3":"status-publish","4":"has-post-thumbnail","6":"product_cat-boligrafos-personalizados","7":"product_cat-escritura","8":"product_cat-sets-de-escritura","10":"first","11":"instock","12":"taxable","13":"shipping-taxable","14":"purchasable","15":"product-type-variable"},"acf":[],"_links":{"self":[{"href":"https:\/\/rubi5.com\/staging\/wp-json\/wp\/v2\/product\/19620","targetHints":{"allow":["GET"]}}],"collection":[{"href":"https:\/\/rubi5.com\/staging\/wp-json\/wp\/v2\/product"}],"about":[{"href":"https:\/\/rubi5.com\/staging\/wp-json\/wp\/v2\/types\/product"}],"version-history":[{"count":1,"href":"https:\/\/rubi5.com\/staging\/wp-json\/wp\/v2\/product\/19620\/revisions"}],"predecessor-version":[{"id":19705,"href":"https:\/\/rubi5.com\/staging\/wp-json\/wp\/v2\/product\/19620\/revisions\/19705"}],"wp:featuredmedia":[{"embeddable":true,"href":"https:\/\/rubi5.com\/staging\/wp-json\/wp\/v2\/media\/62897"}],"wp:attachment":[{"href":"https:\/\/rubi5.com\/staging\/wp-json\/wp\/v2\/media?parent=19620"}],"wp:term":[{"taxonomy":"product_brand","embeddable":true,"href":"https:\/\/rubi5.com\/staging\/wp-json\/wp\/v2\/product_brand?post=19620"},{"taxonomy":"product_cat","embeddable":true,"href":"https:\/\/rubi5.com\/staging\/wp-json\/wp\/v2\/product_cat?post=19620"},{"taxonomy":"product_tag","embeddable":true,"href":"https:\/\/rubi5.com\/staging\/wp-json\/wp\/v2\/product_tag?post=19620"}],"curies":[{"name":"wp","href":"https:\/\/api.w.org\/{rel}","templated":true}]}}