{"id":19796,"date":"2022-12-13T15:11:39","date_gmt":"2022-12-13T13:11:39","guid":{"rendered":"https:\/\/rubi5.com\/?post_type=product&#038;p=19796"},"modified":"2026-01-10T03:13:01","modified_gmt":"2026-01-10T01:13:01","slug":"lapiz-tundra","status":"publish","type":"product","link":"https:\/\/rubi5.com\/staging\/lapiz-tundra\/","title":{"rendered":"L\u00e1piz Tundra"},"content":{"rendered":"","protected":false},"excerpt":{"rendered":"<p>L\u00e1piz de cart\u00f3n reciclado de peri\u00f3dico con cuerpo resistente de acabado en color natural. Punta afilada.<\/p>\n","protected":false},"featured_media":19859,"template":"","meta":{"_acf_changed":false},"product_brand":[],"product_cat":[43,325,324],"product_tag":[],"class_list":{"0":"post-19796","1":"product","2":"type-product","3":"status-publish","4":"has-post-thumbnail","6":"product_cat-escritura","7":"product_cat-lapiceros-de-madera","8":"product_cat-lapiceros-personalizados","10":"first","11":"instock","12":"taxable","13":"shipping-taxable","14":"purchasable","15":"product-type-simple"},"acf":[],"_links":{"self":[{"href":"https:\/\/rubi5.com\/staging\/wp-json\/wp\/v2\/product\/19796","targetHints":{"allow":["GET"]}}],"collection":[{"href":"https:\/\/rubi5.com\/staging\/wp-json\/wp\/v2\/product"}],"about":[{"href":"https:\/\/rubi5.com\/staging\/wp-json\/wp\/v2\/types\/product"}],"version-history":[{"count":1,"href":"https:\/\/rubi5.com\/staging\/wp-json\/wp\/v2\/product\/19796\/revisions"}],"predecessor-version":[{"id":19862,"href":"https:\/\/rubi5.com\/staging\/wp-json\/wp\/v2\/product\/19796\/revisions\/19862"}],"wp:featuredmedia":[{"embeddable":true,"href":"https:\/\/rubi5.com\/staging\/wp-json\/wp\/v2\/media\/19859"}],"wp:attachment":[{"href":"https:\/\/rubi5.com\/staging\/wp-json\/wp\/v2\/media?parent=19796"}],"wp:term":[{"taxonomy":"product_brand","embeddable":true,"href":"https:\/\/rubi5.com\/staging\/wp-json\/wp\/v2\/product_brand?post=19796"},{"taxonomy":"product_cat","embeddable":true,"href":"https:\/\/rubi5.com\/staging\/wp-json\/wp\/v2\/product_cat?post=19796"},{"taxonomy":"product_tag","embeddable":true,"href":"https:\/\/rubi5.com\/staging\/wp-json\/wp\/v2\/product_tag?post=19796"}],"curies":[{"name":"wp","href":"https:\/\/api.w.org\/{rel}","templated":true}]}}