{"id":20101,"date":"2022-12-14T11:09:14","date_gmt":"2022-12-14T09:09:14","guid":{"rendered":"https:\/\/rubi5.com\/?post_type=product&#038;p=20101"},"modified":"2026-01-21T20:26:05","modified_gmt":"2026-01-21T18:26:05","slug":"raton-estiky","status":"publish","type":"product","link":"https:\/\/rubi5.com\/staging\/raton-estiky\/","title":{"rendered":"Rat\u00f3n Estiky"},"content":{"rendered":"","protected":false},"excerpt":{"rendered":"<p>Rat\u00f3n \u00f3ptico inal\u00e1mbrico de l\u00ednea nature y con dise\u00f1o ergon\u00f3mico. Fabricado en ca\u00f1a de trigo, para as\u00ed fomentar la utilizaci\u00f3n de materias primas naturales y reducir las emisiones contaminantes. Bot\u00f3n DPI incluido. Alimentaci\u00f3n a pilas: 1xAA no incluida. Presentado en atractiva caja de dise\u00f1o eco.<\/p>\n","protected":false},"featured_media":20167,"template":"","meta":{"_acf_changed":false},"product_brand":[],"product_cat":[147,955,698],"product_tag":[],"class_list":{"0":"post-20101","1":"product","2":"type-product","3":"status-publish","4":"has-post-thumbnail","6":"product_cat-tecnologia","7":"product_cat-accesorios-tecnologicos","8":"product_cat-alfombrillas-de-raton-personalizadas","10":"first","11":"instock","12":"taxable","13":"shipping-taxable","14":"purchasable","15":"product-type-variable"},"acf":[],"_links":{"self":[{"href":"https:\/\/rubi5.com\/staging\/wp-json\/wp\/v2\/product\/20101","targetHints":{"allow":["GET"]}}],"collection":[{"href":"https:\/\/rubi5.com\/staging\/wp-json\/wp\/v2\/product"}],"about":[{"href":"https:\/\/rubi5.com\/staging\/wp-json\/wp\/v2\/types\/product"}],"version-history":[{"count":1,"href":"https:\/\/rubi5.com\/staging\/wp-json\/wp\/v2\/product\/20101\/revisions"}],"predecessor-version":[{"id":20172,"href":"https:\/\/rubi5.com\/staging\/wp-json\/wp\/v2\/product\/20101\/revisions\/20172"}],"wp:featuredmedia":[{"embeddable":true,"href":"https:\/\/rubi5.com\/staging\/wp-json\/wp\/v2\/media\/20167"}],"wp:attachment":[{"href":"https:\/\/rubi5.com\/staging\/wp-json\/wp\/v2\/media?parent=20101"}],"wp:term":[{"taxonomy":"product_brand","embeddable":true,"href":"https:\/\/rubi5.com\/staging\/wp-json\/wp\/v2\/product_brand?post=20101"},{"taxonomy":"product_cat","embeddable":true,"href":"https:\/\/rubi5.com\/staging\/wp-json\/wp\/v2\/product_cat?post=20101"},{"taxonomy":"product_tag","embeddable":true,"href":"https:\/\/rubi5.com\/staging\/wp-json\/wp\/v2\/product_tag?post=20101"}],"curies":[{"name":"wp","href":"https:\/\/api.w.org\/{rel}","templated":true}]}}