{"id":20411,"date":"2022-12-14T11:14:18","date_gmt":"2022-12-14T09:14:18","guid":{"rendered":"https:\/\/rubi5.com\/?post_type=product&#038;p=20411"},"modified":"2026-01-21T20:26:05","modified_gmt":"2026-01-21T18:26:05","slug":"altavoz-braiss","status":"publish","type":"product","link":"https:\/\/rubi5.com\/staging\/altavoz-braiss\/","title":{"rendered":"Altavoz Braiss"},"content":{"rendered":"","protected":false},"excerpt":{"rendered":"<p>Compacto altavoz de conexi\u00f3n Bluetooth\u00ae. Este altavoz de dise\u00f1o desenfadado y suave acabado en divertidos colores, con conexi\u00f3n Bluetooth\u00ae 3.0, ofrece 3W de potencia, tiene funci\u00f3n de manos libres, una ranura para tarjetas mini SD de hasta 32 GB de capacidad y entrada auxiliar de l\u00ednea mediante conexi\u00f3n jack de 3,5mm. Compatible con iOS y Android, incluye cable de carga mini USB, cable auxiliar jack de 3,5mm y viene presentado en una caja individual.<\/p>\n","protected":false},"featured_media":57900,"template":"","meta":{"_acf_changed":false},"product_brand":[],"product_cat":[335,333,147],"product_tag":[],"class_list":{"0":"post-20411","1":"product","2":"type-product","3":"status-publish","4":"has-post-thumbnail","6":"product_cat-altavoces-personalizados","7":"product_cat-auriculares-y-altavoces","8":"product_cat-tecnologia","10":"first","11":"instock","12":"taxable","13":"shipping-taxable","14":"purchasable","15":"product-type-variable"},"acf":[],"_links":{"self":[{"href":"https:\/\/rubi5.com\/staging\/wp-json\/wp\/v2\/product\/20411","targetHints":{"allow":["GET"]}}],"collection":[{"href":"https:\/\/rubi5.com\/staging\/wp-json\/wp\/v2\/product"}],"about":[{"href":"https:\/\/rubi5.com\/staging\/wp-json\/wp\/v2\/types\/product"}],"version-history":[{"count":2,"href":"https:\/\/rubi5.com\/staging\/wp-json\/wp\/v2\/product\/20411\/revisions"}],"predecessor-version":[{"id":51320,"href":"https:\/\/rubi5.com\/staging\/wp-json\/wp\/v2\/product\/20411\/revisions\/51320"}],"wp:featuredmedia":[{"embeddable":true,"href":"https:\/\/rubi5.com\/staging\/wp-json\/wp\/v2\/media\/57900"}],"wp:attachment":[{"href":"https:\/\/rubi5.com\/staging\/wp-json\/wp\/v2\/media?parent=20411"}],"wp:term":[{"taxonomy":"product_brand","embeddable":true,"href":"https:\/\/rubi5.com\/staging\/wp-json\/wp\/v2\/product_brand?post=20411"},{"taxonomy":"product_cat","embeddable":true,"href":"https:\/\/rubi5.com\/staging\/wp-json\/wp\/v2\/product_cat?post=20411"},{"taxonomy":"product_tag","embeddable":true,"href":"https:\/\/rubi5.com\/staging\/wp-json\/wp\/v2\/product_tag?post=20411"}],"curies":[{"name":"wp","href":"https:\/\/api.w.org\/{rel}","templated":true}]}}