{"id":22327,"date":"2022-12-15T10:04:03","date_gmt":"2022-12-15T08:04:03","guid":{"rendered":"https:\/\/rubi5.com\/?post_type=product&#038;p=22327"},"modified":"2026-01-21T11:18:21","modified_gmt":"2026-01-21T09:18:21","slug":"neceser-viaje-flaut","status":"publish","type":"product","link":"https:\/\/rubi5.com\/staging\/neceser-viaje-flaut\/","title":{"rendered":"Neceser Viaje Flaut"},"content":{"rendered":"","protected":false},"excerpt":{"rendered":"<p>Set neceser de viaje de 5 accesorios en dise\u00f1o transparente. Incluye dos botes para gel y champ\u00fa con tap\u00f3n a rosca, perfumador y dos tarritos para crema. Presentado en estuche de PVC con cierre herm\u00e9tico a juego.<\/p>\n","protected":false},"featured_media":62293,"template":"","meta":{"_acf_changed":false},"product_brand":[],"product_cat":[383,187],"product_tag":[],"class_list":{"0":"post-22327","1":"product","2":"type-product","3":"status-publish","4":"has-post-thumbnail","6":"product_cat-neceseres-personalizados","7":"product_cat-salud-y-bienestar","9":"first","10":"instock","11":"taxable","12":"shipping-taxable","13":"purchasable","14":"product-type-simple"},"acf":[],"_links":{"self":[{"href":"https:\/\/rubi5.com\/staging\/wp-json\/wp\/v2\/product\/22327","targetHints":{"allow":["GET"]}}],"collection":[{"href":"https:\/\/rubi5.com\/staging\/wp-json\/wp\/v2\/product"}],"about":[{"href":"https:\/\/rubi5.com\/staging\/wp-json\/wp\/v2\/types\/product"}],"version-history":[{"count":2,"href":"https:\/\/rubi5.com\/staging\/wp-json\/wp\/v2\/product\/22327\/revisions"}],"predecessor-version":[{"id":35047,"href":"https:\/\/rubi5.com\/staging\/wp-json\/wp\/v2\/product\/22327\/revisions\/35047"}],"wp:featuredmedia":[{"embeddable":true,"href":"https:\/\/rubi5.com\/staging\/wp-json\/wp\/v2\/media\/62293"}],"wp:attachment":[{"href":"https:\/\/rubi5.com\/staging\/wp-json\/wp\/v2\/media?parent=22327"}],"wp:term":[{"taxonomy":"product_brand","embeddable":true,"href":"https:\/\/rubi5.com\/staging\/wp-json\/wp\/v2\/product_brand?post=22327"},{"taxonomy":"product_cat","embeddable":true,"href":"https:\/\/rubi5.com\/staging\/wp-json\/wp\/v2\/product_cat?post=22327"},{"taxonomy":"product_tag","embeddable":true,"href":"https:\/\/rubi5.com\/staging\/wp-json\/wp\/v2\/product_tag?post=22327"}],"curies":[{"name":"wp","href":"https:\/\/api.w.org\/{rel}","templated":true}]}}