{"id":22815,"date":"2022-12-15T15:17:07","date_gmt":"2022-12-15T13:17:07","guid":{"rendered":"https:\/\/rubi5.com\/?post_type=product&#038;p=22815"},"modified":"2026-01-21T20:26:05","modified_gmt":"2026-01-21T18:26:05","slug":"espejo-thiny","status":"publish","type":"product","link":"https:\/\/rubi5.com\/staging\/espejo-thiny\/","title":{"rendered":"Espejo Thiny"},"content":{"rendered":"","protected":false},"excerpt":{"rendered":"<p>Espejo plegable en variada gama de vivos colores frosted. Un b\u00e1sico en cualquier bolso, y un imprescindible en el d\u00eda a d\u00eda.<\/p>\n<p>Con un dise\u00f1o plano que har\u00e1 que no ocupe nada y sea f\u00e1cil de transportar. Podr\u00e1s llevarlo en cualquier bolso, por peque\u00f1o que sea.<\/p>\n","protected":false},"featured_media":22845,"template":"","meta":{"_acf_changed":false},"product_brand":[],"product_cat":[187,962],"product_tag":[],"class_list":{"0":"post-22815","1":"product","2":"type-product","3":"status-publish","4":"has-post-thumbnail","6":"product_cat-salud-y-bienestar","7":"product_cat-espejos-de-bolsillo-personalizados","9":"first","10":"instock","11":"taxable","12":"shipping-taxable","13":"purchasable","14":"product-type-variable"},"acf":[],"_links":{"self":[{"href":"https:\/\/rubi5.com\/staging\/wp-json\/wp\/v2\/product\/22815","targetHints":{"allow":["GET"]}}],"collection":[{"href":"https:\/\/rubi5.com\/staging\/wp-json\/wp\/v2\/product"}],"about":[{"href":"https:\/\/rubi5.com\/staging\/wp-json\/wp\/v2\/types\/product"}],"version-history":[{"count":3,"href":"https:\/\/rubi5.com\/staging\/wp-json\/wp\/v2\/product\/22815\/revisions"}],"predecessor-version":[{"id":56665,"href":"https:\/\/rubi5.com\/staging\/wp-json\/wp\/v2\/product\/22815\/revisions\/56665"}],"wp:featuredmedia":[{"embeddable":true,"href":"https:\/\/rubi5.com\/staging\/wp-json\/wp\/v2\/media\/22845"}],"wp:attachment":[{"href":"https:\/\/rubi5.com\/staging\/wp-json\/wp\/v2\/media?parent=22815"}],"wp:term":[{"taxonomy":"product_brand","embeddable":true,"href":"https:\/\/rubi5.com\/staging\/wp-json\/wp\/v2\/product_brand?post=22815"},{"taxonomy":"product_cat","embeddable":true,"href":"https:\/\/rubi5.com\/staging\/wp-json\/wp\/v2\/product_cat?post=22815"},{"taxonomy":"product_tag","embeddable":true,"href":"https:\/\/rubi5.com\/staging\/wp-json\/wp\/v2\/product_tag?post=22815"}],"curies":[{"name":"wp","href":"https:\/\/api.w.org\/{rel}","templated":true}]}}