{"id":22844,"date":"2022-12-15T15:17:10","date_gmt":"2022-12-15T13:17:10","guid":{"rendered":"https:\/\/rubi5.com\/?post_type=product&#038;p=22844"},"modified":"2026-01-21T20:23:53","modified_gmt":"2026-01-21T18:23:53","slug":"balsamo-labial-tarian","status":"publish","type":"product","link":"https:\/\/rubi5.com\/staging\/balsamo-labial-tarian\/","title":{"rendered":"B\u00e1lsamo Labial Tarian"},"content":{"rendered":"","protected":false},"excerpt":{"rendered":"<p>Barra de b\u00e1lsamo labial con protecci\u00f3n SPF15 y aroma vainilla. Podr\u00e1s elegir entre diferentes colores metalizados.<\/p>\n<p>Perfecto para verano, porque protege tus labios del sol, pero tambi\u00e9n ideal en invierno, porque evita que tus labios se agrieten con el fr\u00edo.<\/p>\n<p>Un regalo publicitario muy pr\u00e1ctico, que todo el mundo podr\u00e1 usar a diario, y as\u00ed llevar tu marca siempre con ellos.<\/p>\n<p>Personaliza este b\u00e1lsamo labial con tu logo y reg\u00e1lalo en tu farmacia a cada cliente que haga una compra. \u00a1Seguro que volver\u00e1n!<\/p>\n","protected":false},"featured_media":59541,"template":"","meta":{"_acf_changed":false},"product_brand":[],"product_cat":[922,187],"product_tag":[],"class_list":{"0":"post-22844","1":"product","2":"type-product","3":"status-publish","4":"has-post-thumbnail","6":"product_cat-balsamos-labiales","7":"product_cat-salud-y-bienestar","9":"first","10":"instock","11":"taxable","12":"shipping-taxable","13":"product-type-variable"},"acf":[],"_links":{"self":[{"href":"https:\/\/rubi5.com\/staging\/wp-json\/wp\/v2\/product\/22844","targetHints":{"allow":["GET"]}}],"collection":[{"href":"https:\/\/rubi5.com\/staging\/wp-json\/wp\/v2\/product"}],"about":[{"href":"https:\/\/rubi5.com\/staging\/wp-json\/wp\/v2\/types\/product"}],"version-history":[{"count":3,"href":"https:\/\/rubi5.com\/staging\/wp-json\/wp\/v2\/product\/22844\/revisions"}],"predecessor-version":[{"id":56373,"href":"https:\/\/rubi5.com\/staging\/wp-json\/wp\/v2\/product\/22844\/revisions\/56373"}],"wp:featuredmedia":[{"embeddable":true,"href":"https:\/\/rubi5.com\/staging\/wp-json\/wp\/v2\/media\/59541"}],"wp:attachment":[{"href":"https:\/\/rubi5.com\/staging\/wp-json\/wp\/v2\/media?parent=22844"}],"wp:term":[{"taxonomy":"product_brand","embeddable":true,"href":"https:\/\/rubi5.com\/staging\/wp-json\/wp\/v2\/product_brand?post=22844"},{"taxonomy":"product_cat","embeddable":true,"href":"https:\/\/rubi5.com\/staging\/wp-json\/wp\/v2\/product_cat?post=22844"},{"taxonomy":"product_tag","embeddable":true,"href":"https:\/\/rubi5.com\/staging\/wp-json\/wp\/v2\/product_tag?post=22844"}],"curies":[{"name":"wp","href":"https:\/\/api.w.org\/{rel}","templated":true}]}}