{"id":23006,"date":"2022-12-15T15:20:18","date_gmt":"2022-12-15T13:20:18","guid":{"rendered":"https:\/\/rubi5.com\/?post_type=product&#038;p=23006"},"modified":"2026-01-22T11:14:32","modified_gmt":"2026-01-22T09:14:32","slug":"antiestres-ventry","status":"publish","type":"product","link":"https:\/\/rubi5.com\/staging\/antiestres-ventry\/","title":{"rendered":"Coraz\u00f3n Antiestr\u00e9s"},"content":{"rendered":"","protected":false},"excerpt":{"rendered":"<p><strong>Pelota antiestr\u00e9s<\/strong> en forma de <strong>coraz\u00f3n.<\/strong> Disponible en vivos colores y de suave cuerpo con acolchado de PU brillante. Podr\u00e1s personalizar este coraz\u00f3n antiestr\u00e9s con la imagen de tu marca en el centro del art\u00edculo.<\/p>\n<p>Esta es la <strong>publicidad<\/strong> ideal para regalar en una <strong>convenci\u00f3n de m\u00e9dicos<\/strong>. \u00bfOrganiz\u00e1is un <strong>congreso de cardiolog\u00eda<\/strong>? Entonces este coraz\u00f3n antiestr\u00e9s es tu <strong>regalo personalizado<\/strong>, perfecto para repartir entre los asistentes al evento.<\/p>\n","protected":false},"featured_media":57904,"template":"","meta":{"_acf_changed":false},"product_brand":[],"product_cat":[382,187],"product_tag":[],"class_list":{"0":"post-23006","1":"product","2":"type-product","3":"status-publish","4":"has-post-thumbnail","6":"product_cat-pelotas-antiestres","7":"product_cat-salud-y-bienestar","9":"first","10":"instock","11":"taxable","12":"shipping-taxable","13":"purchasable","14":"product-type-variable"},"acf":[],"_links":{"self":[{"href":"https:\/\/rubi5.com\/staging\/wp-json\/wp\/v2\/product\/23006","targetHints":{"allow":["GET"]}}],"collection":[{"href":"https:\/\/rubi5.com\/staging\/wp-json\/wp\/v2\/product"}],"about":[{"href":"https:\/\/rubi5.com\/staging\/wp-json\/wp\/v2\/types\/product"}],"version-history":[{"count":7,"href":"https:\/\/rubi5.com\/staging\/wp-json\/wp\/v2\/product\/23006\/revisions"}],"predecessor-version":[{"id":56506,"href":"https:\/\/rubi5.com\/staging\/wp-json\/wp\/v2\/product\/23006\/revisions\/56506"}],"wp:featuredmedia":[{"embeddable":true,"href":"https:\/\/rubi5.com\/staging\/wp-json\/wp\/v2\/media\/57904"}],"wp:attachment":[{"href":"https:\/\/rubi5.com\/staging\/wp-json\/wp\/v2\/media?parent=23006"}],"wp:term":[{"taxonomy":"product_brand","embeddable":true,"href":"https:\/\/rubi5.com\/staging\/wp-json\/wp\/v2\/product_brand?post=23006"},{"taxonomy":"product_cat","embeddable":true,"href":"https:\/\/rubi5.com\/staging\/wp-json\/wp\/v2\/product_cat?post=23006"},{"taxonomy":"product_tag","embeddable":true,"href":"https:\/\/rubi5.com\/staging\/wp-json\/wp\/v2\/product_tag?post=23006"}],"curies":[{"name":"wp","href":"https:\/\/api.w.org\/{rel}","templated":true}]}}