{"id":25800,"date":"2022-12-20T08:57:11","date_gmt":"2022-12-20T06:57:11","guid":{"rendered":"https:\/\/rubi5.com\/?post_type=product&#038;p=25800"},"modified":"2025-02-24T12:58:39","modified_gmt":"2025-02-24T10:58:39","slug":"sudadera-clasica-kids","status":"publish","type":"product","link":"https:\/\/rubi5.com\/staging\/sudadera-clasica-kids\/","title":{"rendered":"Sudadera Cl\u00e1sica Kids"},"content":{"rendered":"<h2>TABLA DE TALLAS<\/h2>\n<table width=\"594\">\n<tbody>\n<tr>\n<td width=\"114\">TALLAS NI\u00d1OS:<\/td>\n<td width=\"80\">1\/2<\/td>\n<td width=\"80\">3\/4<\/td>\n<td width=\"80\">5\/6<\/td>\n<td width=\"80\">7\/8<\/td>\n<td width=\"80\">9\/10<\/td>\n<td width=\"80\">11\/12<\/td>\n<\/tr>\n<tr>\n<td>ANCHO (A)<\/td>\n<td>32cm<\/td>\n<td>37cm<\/td>\n<td>42cm<\/td>\n<td>44cm<\/td>\n<td>46cm<\/td>\n<td>48cm<\/td>\n<\/tr>\n<tr>\n<td>LARGO (B)<\/td>\n<td>40cm<\/td>\n<td>44cm<\/td>\n<td>50cm<\/td>\n<td>54cm<\/td>\n<td>58cm<\/td>\n<td>62cm<\/td>\n<\/tr>\n<\/tbody>\n<\/table>\n<p><img loading=\"lazy\" decoding=\"async\" class=\"alignnone wp-image-64997\" src=\"https:\/\/rubi5.com\/staging\/wp-content\/uploads\/2023\/01\/guia-tallas-sudaderas.png\" alt=\"Gu\u00eda tallas sudaderas\" width=\"224\" height=\"170\" title=\"\" srcset=\"https:\/\/rubi5.com\/staging\/wp-content\/uploads\/2023\/01\/guia-tallas-sudaderas.png 366w, https:\/\/rubi5.com\/staging\/wp-content\/uploads\/2023\/01\/guia-tallas-sudaderas-16x12.png 16w, https:\/\/rubi5.com\/staging\/wp-content\/uploads\/2023\/01\/guia-tallas-sudaderas-150x114.png 150w\" sizes=\"auto, (max-width: 224px) 100vw, 224px\" \/><\/p>\n","protected":false},"excerpt":{"rendered":"<p>Sudadera para ni\u00f1os en dise\u00f1o cl\u00e1sico, con cuello, pu\u00f1os y cinturilla de punto canal\u00e9 1&#215;1 con elastano. Cubrecosturas reforzado en cuello.<\/p>\n","protected":false},"featured_media":55159,"template":"","meta":{"_acf_changed":false},"product_brand":[],"product_cat":[399,401,29],"product_tag":[],"class_list":{"0":"post-25800","1":"product","2":"type-product","3":"status-publish","4":"has-post-thumbnail","6":"product_cat-sudaderas-personalizadas","7":"product_cat-sudaderas-sin-capucha","8":"product_cat-textil","9":"pa_marcas-roly","11":"first","12":"instock","13":"taxable","14":"shipping-taxable","15":"product-type-external"},"acf":[],"_links":{"self":[{"href":"https:\/\/rubi5.com\/staging\/wp-json\/wp\/v2\/product\/25800","targetHints":{"allow":["GET"]}}],"collection":[{"href":"https:\/\/rubi5.com\/staging\/wp-json\/wp\/v2\/product"}],"about":[{"href":"https:\/\/rubi5.com\/staging\/wp-json\/wp\/v2\/types\/product"}],"version-history":[{"count":8,"href":"https:\/\/rubi5.com\/staging\/wp-json\/wp\/v2\/product\/25800\/revisions"}],"predecessor-version":[{"id":65003,"href":"https:\/\/rubi5.com\/staging\/wp-json\/wp\/v2\/product\/25800\/revisions\/65003"}],"wp:featuredmedia":[{"embeddable":true,"href":"https:\/\/rubi5.com\/staging\/wp-json\/wp\/v2\/media\/55159"}],"wp:attachment":[{"href":"https:\/\/rubi5.com\/staging\/wp-json\/wp\/v2\/media?parent=25800"}],"wp:term":[{"taxonomy":"product_brand","embeddable":true,"href":"https:\/\/rubi5.com\/staging\/wp-json\/wp\/v2\/product_brand?post=25800"},{"taxonomy":"product_cat","embeddable":true,"href":"https:\/\/rubi5.com\/staging\/wp-json\/wp\/v2\/product_cat?post=25800"},{"taxonomy":"product_tag","embeddable":true,"href":"https:\/\/rubi5.com\/staging\/wp-json\/wp\/v2\/product_tag?post=25800"}],"curies":[{"name":"wp","href":"https:\/\/api.w.org\/{rel}","templated":true}]}}