{"id":30060,"date":"2022-12-21T10:22:20","date_gmt":"2022-12-21T08:22:20","guid":{"rendered":"https:\/\/rubi5.com\/?post_type=product&#038;p=30060"},"modified":"2025-02-24T12:53:52","modified_gmt":"2025-02-24T10:53:52","slug":"polo-bandera-espana-nation","status":"publish","type":"product","link":"https:\/\/rubi5.com\/staging\/polo-bandera-espana-nation\/","title":{"rendered":"Polo bandera Espa\u00f1a Nation"},"content":{"rendered":"<h2>TABLA DE TALLAS<\/h2>\n<table width=\"514\">\n<tbody>\n<tr>\n<td width=\"114\">TALLAS ADULTOS:<\/td>\n<td width=\"80\">S<\/td>\n<td width=\"80\">M<\/td>\n<td width=\"80\">L<\/td>\n<td width=\"80\">XL<\/td>\n<td width=\"80\">2XL<\/td>\n<\/tr>\n<tr>\n<td>ANCHO (A)<\/td>\n<td>50cm<\/td>\n<td>53cm<\/td>\n<td>56cm<\/td>\n<td>59cm<\/td>\n<td>62cm<\/td>\n<\/tr>\n<tr>\n<td>LARGO (B)<\/td>\n<td>69cm<\/td>\n<td>71cm<\/td>\n<td>73cm<\/td>\n<td>75cm<\/td>\n<td>77cm<\/td>\n<\/tr>\n<\/tbody>\n<\/table>\n<p><img loading=\"lazy\" decoding=\"async\" class=\"alignnone wp-image-65022\" src=\"https:\/\/rubi5.com\/staging\/wp-content\/uploads\/2023\/01\/guia-tallas-polos.jpg\" alt=\"Gu\u00eda de tallas polos\" width=\"213\" height=\"202\" title=\"\" srcset=\"https:\/\/rubi5.com\/staging\/wp-content\/uploads\/2023\/01\/guia-tallas-polos.jpg 294w, https:\/\/rubi5.com\/staging\/wp-content\/uploads\/2023\/01\/guia-tallas-polos-13x12.jpg 13w, https:\/\/rubi5.com\/staging\/wp-content\/uploads\/2023\/01\/guia-tallas-polos-150x142.jpg 150w\" sizes=\"auto, (max-width: 213px) 100vw, 213px\" \/><\/p>\n","protected":false},"excerpt":{"rendered":"<p>Polo de Espa\u00f1a de manga corta, con detalles de la bandera de Espa\u00f1a en el final de las mangas, como en el cuello. Tambi\u00e9n lleva una bandera bordada en la espalda. Con tapeta de tres botones y cubrecosturas reforzado en cuello.<\/p>\n<p>El polo de manga corta es un b\u00e1sico en los partidos de p\u00e1del. Regala un polo personalizado con vuestro logo en el pecho, o la imagen del campeonato deportivo que organiz\u00e1is. Tendr\u00e9is la posibilidad de elegir grabarlo en una serigraf\u00eda a 1 color, una t\u00e9cnica econ\u00f3mica y que quedar\u00e1 perfecta. No se borra con las lavadas. Sin embargo, un bordado siempre quedar\u00e1 mejor y m\u00e1s elegante. \u00a1Cuanta m\u00e1s cantidad hagas, m\u00e1s econ\u00f3mico ser\u00e1!<\/p>\n","protected":false},"featured_media":56026,"template":"","meta":{"_acf_changed":false},"product_brand":[],"product_cat":[398,397,29],"product_tag":[],"class_list":{"0":"post-30060","1":"product","2":"type-product","3":"status-publish","4":"has-post-thumbnail","6":"product_cat-polos-de-algodon","7":"product_cat-polos-personalizados","8":"product_cat-textil","9":"pa_marcas-roly","11":"first","12":"instock","13":"taxable","14":"shipping-taxable","15":"product-type-external"},"acf":[],"_links":{"self":[{"href":"https:\/\/rubi5.com\/staging\/wp-json\/wp\/v2\/product\/30060","targetHints":{"allow":["GET"]}}],"collection":[{"href":"https:\/\/rubi5.com\/staging\/wp-json\/wp\/v2\/product"}],"about":[{"href":"https:\/\/rubi5.com\/staging\/wp-json\/wp\/v2\/types\/product"}],"version-history":[{"count":9,"href":"https:\/\/rubi5.com\/staging\/wp-json\/wp\/v2\/product\/30060\/revisions"}],"predecessor-version":[{"id":65033,"href":"https:\/\/rubi5.com\/staging\/wp-json\/wp\/v2\/product\/30060\/revisions\/65033"}],"wp:featuredmedia":[{"embeddable":true,"href":"https:\/\/rubi5.com\/staging\/wp-json\/wp\/v2\/media\/56026"}],"wp:attachment":[{"href":"https:\/\/rubi5.com\/staging\/wp-json\/wp\/v2\/media?parent=30060"}],"wp:term":[{"taxonomy":"product_brand","embeddable":true,"href":"https:\/\/rubi5.com\/staging\/wp-json\/wp\/v2\/product_brand?post=30060"},{"taxonomy":"product_cat","embeddable":true,"href":"https:\/\/rubi5.com\/staging\/wp-json\/wp\/v2\/product_cat?post=30060"},{"taxonomy":"product_tag","embeddable":true,"href":"https:\/\/rubi5.com\/staging\/wp-json\/wp\/v2\/product_tag?post=30060"}],"curies":[{"name":"wp","href":"https:\/\/api.w.org\/{rel}","templated":true}]}}