{"id":33501,"date":"2023-01-09T08:42:46","date_gmt":"2023-01-09T06:42:46","guid":{"rendered":"https:\/\/rubi5.com\/?post_type=product&#038;p=33501"},"modified":"2025-01-16T14:10:40","modified_gmt":"2025-01-16T12:10:40","slug":"bolsa-de-algodon-plegable-con-bolsillo","status":"publish","type":"product","link":"https:\/\/rubi5.com\/staging\/bolsa-de-algodon-plegable-con-bolsillo\/","title":{"rendered":"Bolsa de algod\u00f3n plegable con bolsillo"},"content":{"rendered":"","protected":false},"excerpt":{"rendered":"<p>Bolsa de la compra plegable. 100% algod\u00f3n, de asas largas, disponible en color natural y en color negro. Con bolsillo en la parte exterior en una cara de la bolsa, que se pliega c\u00f3modamente. Tienes un bot\u00f3n en el bolsillo con enganche para cerrar la bolsa una vez plegada. Perfecto para el momento de plegarlo, que no se te abra en el bolso.<\/p>\n<p><strong>Medidas: 38 x 42 cm\u00a0<\/strong><\/p>\n<p>Una bolsa personalizada en la que podr\u00e1s grabar el logo de tu empresa en el bolsillo, para que se siga viendo tu marca una vez plegada, como en la otra cara de la bolsa, donde podr\u00e1s poner tu logo en un tama\u00f1o mayor, con la consecuencia de que no se ver\u00e1 una vez plegada.<\/p>\n","protected":false},"featured_media":57995,"template":"","meta":{"_acf_changed":false},"product_brand":[],"product_cat":[196,217,21],"product_tag":[],"class_list":{"0":"post-33501","1":"product","2":"type-product","3":"status-publish","4":"has-post-thumbnail","6":"product_cat-bolsas-personalizadas","7":"product_cat-bolsas-plegables","8":"product_cat-bolsas-y-mochilas","10":"first","11":"instock","12":"taxable","13":"shipping-taxable","14":"purchasable","15":"product-type-variable"},"acf":[],"_links":{"self":[{"href":"https:\/\/rubi5.com\/staging\/wp-json\/wp\/v2\/product\/33501","targetHints":{"allow":["GET"]}}],"collection":[{"href":"https:\/\/rubi5.com\/staging\/wp-json\/wp\/v2\/product"}],"about":[{"href":"https:\/\/rubi5.com\/staging\/wp-json\/wp\/v2\/types\/product"}],"version-history":[{"count":5,"href":"https:\/\/rubi5.com\/staging\/wp-json\/wp\/v2\/product\/33501\/revisions"}],"predecessor-version":[{"id":60342,"href":"https:\/\/rubi5.com\/staging\/wp-json\/wp\/v2\/product\/33501\/revisions\/60342"}],"wp:featuredmedia":[{"embeddable":true,"href":"https:\/\/rubi5.com\/staging\/wp-json\/wp\/v2\/media\/57995"}],"wp:attachment":[{"href":"https:\/\/rubi5.com\/staging\/wp-json\/wp\/v2\/media?parent=33501"}],"wp:term":[{"taxonomy":"product_brand","embeddable":true,"href":"https:\/\/rubi5.com\/staging\/wp-json\/wp\/v2\/product_brand?post=33501"},{"taxonomy":"product_cat","embeddable":true,"href":"https:\/\/rubi5.com\/staging\/wp-json\/wp\/v2\/product_cat?post=33501"},{"taxonomy":"product_tag","embeddable":true,"href":"https:\/\/rubi5.com\/staging\/wp-json\/wp\/v2\/product_tag?post=33501"}],"curies":[{"name":"wp","href":"https:\/\/api.w.org\/{rel}","templated":true}]}}