{"id":33525,"date":"2023-01-09T08:43:09","date_gmt":"2023-01-09T06:43:09","guid":{"rendered":"https:\/\/rubi5.com\/?post_type=product&#038;p=33525"},"modified":"2025-02-20T12:37:53","modified_gmt":"2025-02-20T10:37:53","slug":"bolsa-non-woven-yucatan-grande","status":"publish","type":"product","link":"https:\/\/rubi5.com\/staging\/bolsa-non-woven-yucatan-grande\/","title":{"rendered":"Bolsa non-woven Yucatan grande"},"content":{"rendered":"","protected":false},"excerpt":{"rendered":"<p>La bolsa non-woven Yucatan tiene una gran capacidad para guardar las prendas de ropa y los complementos que los clientes de tu tienda hayan comprado. Regala esta bolsa con el logo de tu empresa, y estar\u00e1s regalando una bolsa resistente y duradera que la gente podr\u00e1 usar en su d\u00eda a d\u00eda.<\/p>\n<p><strong>Medidas: 34 x 39.5 x 16 cm\u00a0<\/strong><\/p>\n","protected":false},"featured_media":62839,"template":"","meta":{"_acf_changed":false},"product_brand":[],"product_cat":[961,196,21],"product_tag":[],"class_list":{"0":"post-33525","1":"product","2":"type-product","3":"status-publish","4":"has-post-thumbnail","6":"product_cat-bolsas-non-woven","7":"product_cat-bolsas-personalizadas","8":"product_cat-bolsas-y-mochilas","10":"first","11":"instock","12":"taxable","13":"shipping-taxable","14":"purchasable","15":"product-type-variable"},"acf":[],"_links":{"self":[{"href":"https:\/\/rubi5.com\/staging\/wp-json\/wp\/v2\/product\/33525","targetHints":{"allow":["GET"]}}],"collection":[{"href":"https:\/\/rubi5.com\/staging\/wp-json\/wp\/v2\/product"}],"about":[{"href":"https:\/\/rubi5.com\/staging\/wp-json\/wp\/v2\/types\/product"}],"version-history":[{"count":4,"href":"https:\/\/rubi5.com\/staging\/wp-json\/wp\/v2\/product\/33525\/revisions"}],"predecessor-version":[{"id":60341,"href":"https:\/\/rubi5.com\/staging\/wp-json\/wp\/v2\/product\/33525\/revisions\/60341"}],"wp:featuredmedia":[{"embeddable":true,"href":"https:\/\/rubi5.com\/staging\/wp-json\/wp\/v2\/media\/62839"}],"wp:attachment":[{"href":"https:\/\/rubi5.com\/staging\/wp-json\/wp\/v2\/media?parent=33525"}],"wp:term":[{"taxonomy":"product_brand","embeddable":true,"href":"https:\/\/rubi5.com\/staging\/wp-json\/wp\/v2\/product_brand?post=33525"},{"taxonomy":"product_cat","embeddable":true,"href":"https:\/\/rubi5.com\/staging\/wp-json\/wp\/v2\/product_cat?post=33525"},{"taxonomy":"product_tag","embeddable":true,"href":"https:\/\/rubi5.com\/staging\/wp-json\/wp\/v2\/product_tag?post=33525"}],"curies":[{"name":"wp","href":"https:\/\/api.w.org\/{rel}","templated":true}]}}