{"id":34033,"date":"2023-01-09T10:35:42","date_gmt":"2023-01-09T08:35:42","guid":{"rendered":"https:\/\/rubi5.com\/?post_type=product&#038;p=34033"},"modified":"2024-11-14T13:13:07","modified_gmt":"2024-11-14T11:13:07","slug":"mochila-saco-algodon","status":"publish","type":"product","link":"https:\/\/rubi5.com\/staging\/mochila-saco-algodon\/","title":{"rendered":"Mochila saco algod\u00f3n"},"content":{"rendered":"","protected":false},"excerpt":{"rendered":"<p>Mochila de cuerdas 100% algod\u00f3n con cierre ajustable. Este tipo de mochila es perfecta para regalar en cualquier evento deportivo como una carrera ben\u00e9fica.<\/p>\n<p><strong>Medidas mochila: 37.5 x 38 cm<\/strong><\/p>\n","protected":false},"featured_media":58551,"template":"","meta":{"_acf_changed":false},"product_brand":[],"product_cat":[21,221,220],"product_tag":[],"class_list":{"0":"post-34033","1":"product","2":"type-product","3":"status-publish","4":"has-post-thumbnail","6":"product_cat-bolsas-y-mochilas","7":"product_cat-mochilas-de-cuerdas","8":"product_cat-mochilas-personalizadas","10":"first","11":"instock","12":"taxable","13":"shipping-taxable","14":"purchasable","15":"product-type-variable"},"acf":[],"_links":{"self":[{"href":"https:\/\/rubi5.com\/staging\/wp-json\/wp\/v2\/product\/34033","targetHints":{"allow":["GET"]}}],"collection":[{"href":"https:\/\/rubi5.com\/staging\/wp-json\/wp\/v2\/product"}],"about":[{"href":"https:\/\/rubi5.com\/staging\/wp-json\/wp\/v2\/types\/product"}],"version-history":[{"count":4,"href":"https:\/\/rubi5.com\/staging\/wp-json\/wp\/v2\/product\/34033\/revisions"}],"predecessor-version":[{"id":60585,"href":"https:\/\/rubi5.com\/staging\/wp-json\/wp\/v2\/product\/34033\/revisions\/60585"}],"wp:featuredmedia":[{"embeddable":true,"href":"https:\/\/rubi5.com\/staging\/wp-json\/wp\/v2\/media\/58551"}],"wp:attachment":[{"href":"https:\/\/rubi5.com\/staging\/wp-json\/wp\/v2\/media?parent=34033"}],"wp:term":[{"taxonomy":"product_brand","embeddable":true,"href":"https:\/\/rubi5.com\/staging\/wp-json\/wp\/v2\/product_brand?post=34033"},{"taxonomy":"product_cat","embeddable":true,"href":"https:\/\/rubi5.com\/staging\/wp-json\/wp\/v2\/product_cat?post=34033"},{"taxonomy":"product_tag","embeddable":true,"href":"https:\/\/rubi5.com\/staging\/wp-json\/wp\/v2\/product_tag?post=34033"}],"curies":[{"name":"wp","href":"https:\/\/api.w.org\/{rel}","templated":true}]}}