{"id":34056,"date":"2023-01-09T10:36:07","date_gmt":"2023-01-09T08:36:07","guid":{"rendered":"https:\/\/rubi5.com\/?post_type=product&#038;p=34056"},"modified":"2025-04-16T14:29:48","modified_gmt":"2025-04-16T12:29:48","slug":"mochila-saco-tiras-de-confort","status":"publish","type":"product","link":"https:\/\/rubi5.com\/staging\/mochila-saco-tiras-de-confort\/","title":{"rendered":"Mochila saco tiras de confort"},"content":{"rendered":"","protected":false},"excerpt":{"rendered":"<p>Mochila saco en algod\u00f3n 100%, de un tama\u00f1o m\u00e1s grande de lo habitual, y con unas asas anchas y c\u00f3modas, en vez de las t\u00edpicas cuerdas que tienen las mochilas de cuerdas. Muy resistente y con el m\u00e1ximo confort para llevar a la espalda todas tus cosas.<\/p>\n<p><strong>Medidas mochila: 34 x 42 cm<\/strong><\/p>\n","protected":false},"featured_media":58552,"template":"","meta":{"_acf_changed":false},"product_brand":[],"product_cat":[21,221,220],"product_tag":[],"class_list":{"0":"post-34056","1":"product","2":"type-product","3":"status-publish","4":"has-post-thumbnail","6":"product_cat-bolsas-y-mochilas","7":"product_cat-mochilas-de-cuerdas","8":"product_cat-mochilas-personalizadas","10":"first","11":"instock","12":"taxable","13":"shipping-taxable","14":"purchasable","15":"product-type-variable"},"acf":[],"_links":{"self":[{"href":"https:\/\/rubi5.com\/staging\/wp-json\/wp\/v2\/product\/34056","targetHints":{"allow":["GET"]}}],"collection":[{"href":"https:\/\/rubi5.com\/staging\/wp-json\/wp\/v2\/product"}],"about":[{"href":"https:\/\/rubi5.com\/staging\/wp-json\/wp\/v2\/types\/product"}],"version-history":[{"count":5,"href":"https:\/\/rubi5.com\/staging\/wp-json\/wp\/v2\/product\/34056\/revisions"}],"predecessor-version":[{"id":39989,"href":"https:\/\/rubi5.com\/staging\/wp-json\/wp\/v2\/product\/34056\/revisions\/39989"}],"wp:featuredmedia":[{"embeddable":true,"href":"https:\/\/rubi5.com\/staging\/wp-json\/wp\/v2\/media\/58552"}],"wp:attachment":[{"href":"https:\/\/rubi5.com\/staging\/wp-json\/wp\/v2\/media?parent=34056"}],"wp:term":[{"taxonomy":"product_brand","embeddable":true,"href":"https:\/\/rubi5.com\/staging\/wp-json\/wp\/v2\/product_brand?post=34056"},{"taxonomy":"product_cat","embeddable":true,"href":"https:\/\/rubi5.com\/staging\/wp-json\/wp\/v2\/product_cat?post=34056"},{"taxonomy":"product_tag","embeddable":true,"href":"https:\/\/rubi5.com\/staging\/wp-json\/wp\/v2\/product_tag?post=34056"}],"curies":[{"name":"wp","href":"https:\/\/api.w.org\/{rel}","templated":true}]}}