{"id":34611,"date":"2023-01-09T13:19:24","date_gmt":"2023-01-09T11:19:24","guid":{"rendered":"https:\/\/rubi5.com\/?post_type=product&#038;p=34611"},"modified":"2025-02-24T18:53:59","modified_gmt":"2025-02-24T16:53:59","slug":"gorra-strike","status":"publish","type":"product","link":"https:\/\/rubi5.com\/staging\/gorra-strike\/","title":{"rendered":"Gorra Strike"},"content":{"rendered":"","protected":false},"excerpt":{"rendered":"<p>La gorra STRIKE posee un dise\u00f1o c\u00f3modo, pr\u00e1ctico y ligero. Perfecto para deportistas o actividades al aire libre.<\/p>\n<p>Su estructura presenta dos zonas de dise\u00f1o de rejilla para favorecer la transpiraci\u00f3n, y tanto en su visera como en su cierre trasero ajustable de velcro, encontramos bandas reflectantes.<\/p>\n","protected":false},"featured_media":34645,"template":"","meta":{"_acf_changed":false},"product_brand":[],"product_cat":[737,740,29],"product_tag":[],"class_list":{"0":"post-34611","1":"product","2":"type-product","3":"status-publish","4":"has-post-thumbnail","6":"product_cat-complementos-personalizados","7":"product_cat-gorras-personalizadas","8":"product_cat-textil","10":"first","11":"instock","12":"taxable","13":"shipping-taxable","14":"purchasable","15":"product-type-variable"},"acf":[],"_links":{"self":[{"href":"https:\/\/rubi5.com\/staging\/wp-json\/wp\/v2\/product\/34611","targetHints":{"allow":["GET"]}}],"collection":[{"href":"https:\/\/rubi5.com\/staging\/wp-json\/wp\/v2\/product"}],"about":[{"href":"https:\/\/rubi5.com\/staging\/wp-json\/wp\/v2\/types\/product"}],"version-history":[{"count":3,"href":"https:\/\/rubi5.com\/staging\/wp-json\/wp\/v2\/product\/34611\/revisions"}],"predecessor-version":[{"id":40046,"href":"https:\/\/rubi5.com\/staging\/wp-json\/wp\/v2\/product\/34611\/revisions\/40046"}],"wp:featuredmedia":[{"embeddable":true,"href":"https:\/\/rubi5.com\/staging\/wp-json\/wp\/v2\/media\/34645"}],"wp:attachment":[{"href":"https:\/\/rubi5.com\/staging\/wp-json\/wp\/v2\/media?parent=34611"}],"wp:term":[{"taxonomy":"product_brand","embeddable":true,"href":"https:\/\/rubi5.com\/staging\/wp-json\/wp\/v2\/product_brand?post=34611"},{"taxonomy":"product_cat","embeddable":true,"href":"https:\/\/rubi5.com\/staging\/wp-json\/wp\/v2\/product_cat?post=34611"},{"taxonomy":"product_tag","embeddable":true,"href":"https:\/\/rubi5.com\/staging\/wp-json\/wp\/v2\/product_tag?post=34611"}],"curies":[{"name":"wp","href":"https:\/\/api.w.org\/{rel}","templated":true}]}}