{"id":35484,"date":"2023-01-12T13:23:38","date_gmt":"2023-01-12T11:23:38","guid":{"rendered":"https:\/\/rubi5.com\/?post_type=product&#038;p=35484"},"modified":"2025-02-24T11:42:52","modified_gmt":"2025-02-24T09:42:52","slug":"camiseta-tecnica-montecarlo-kids","status":"publish","type":"product","link":"https:\/\/rubi5.com\/staging\/camiseta-tecnica-montecarlo-kids\/","title":{"rendered":"Camiseta t\u00e9cnica Montecarlo Kids"},"content":{"rendered":"<h2>TABLA DE TALLAS<\/h2>\n<table width=\"434\">\n<tbody>\n<tr>\n<td width=\"114\">TALLAS NI\u00d1OS:<\/td>\n<td width=\"80\">4<\/td>\n<td width=\"80\">8<\/td>\n<td width=\"80\">12<\/td>\n<td width=\"80\">16<\/td>\n<\/tr>\n<tr>\n<td>ANCHO (A)<\/td>\n<td>34cm<\/td>\n<td>38cm<\/td>\n<td>42cm<\/td>\n<td>46cm<\/td>\n<\/tr>\n<tr>\n<td>LARGO (B)<\/td>\n<td>50cm<\/td>\n<td>55cm<\/td>\n<td>60cm<\/td>\n<td>65cm<\/td>\n<\/tr>\n<\/tbody>\n<\/table>\n<p><img loading=\"lazy\" decoding=\"async\" class=\"alignnone wp-image-64955\" src=\"https:\/\/rubi5.com\/staging\/wp-content\/uploads\/2023\/01\/guia-tallas-camisetas.png\" alt=\"Gu\u00eda tallas camisetas\" width=\"240\" height=\"198\" title=\"\" srcset=\"https:\/\/rubi5.com\/staging\/wp-content\/uploads\/2023\/01\/guia-tallas-camisetas.png 363w, https:\/\/rubi5.com\/staging\/wp-content\/uploads\/2023\/01\/guia-tallas-camisetas-15x12.png 15w, https:\/\/rubi5.com\/staging\/wp-content\/uploads\/2023\/01\/guia-tallas-camisetas-150x124.png 150w\" sizes=\"auto, (max-width: 240px) 100vw, 240px\" \/><\/p>\n","protected":false},"excerpt":{"rendered":"<p>Camiseta t\u00e9cnica para ni\u00f1os de manga corta rangl\u00e1n. Escote redondeado con cubrecosturas. Cortes laterales con remallado al tono.<\/p>\n","protected":false},"featured_media":53511,"template":"","meta":{"_acf_changed":false},"product_brand":[],"product_cat":[402,405,29],"product_tag":[],"class_list":{"0":"post-35484","1":"product","2":"type-product","3":"status-publish","4":"has-post-thumbnail","6":"product_cat-camisetas-personalizadas","7":"product_cat-camisetas-tecnicas","8":"product_cat-textil","9":"pa_marcas-roly","11":"first","12":"instock","13":"taxable","14":"shipping-taxable","15":"product-type-external"},"acf":[],"_links":{"self":[{"href":"https:\/\/rubi5.com\/staging\/wp-json\/wp\/v2\/product\/35484","targetHints":{"allow":["GET"]}}],"collection":[{"href":"https:\/\/rubi5.com\/staging\/wp-json\/wp\/v2\/product"}],"about":[{"href":"https:\/\/rubi5.com\/staging\/wp-json\/wp\/v2\/types\/product"}],"version-history":[{"count":5,"href":"https:\/\/rubi5.com\/staging\/wp-json\/wp\/v2\/product\/35484\/revisions"}],"predecessor-version":[{"id":64964,"href":"https:\/\/rubi5.com\/staging\/wp-json\/wp\/v2\/product\/35484\/revisions\/64964"}],"wp:featuredmedia":[{"embeddable":true,"href":"https:\/\/rubi5.com\/staging\/wp-json\/wp\/v2\/media\/53511"}],"wp:attachment":[{"href":"https:\/\/rubi5.com\/staging\/wp-json\/wp\/v2\/media?parent=35484"}],"wp:term":[{"taxonomy":"product_brand","embeddable":true,"href":"https:\/\/rubi5.com\/staging\/wp-json\/wp\/v2\/product_brand?post=35484"},{"taxonomy":"product_cat","embeddable":true,"href":"https:\/\/rubi5.com\/staging\/wp-json\/wp\/v2\/product_cat?post=35484"},{"taxonomy":"product_tag","embeddable":true,"href":"https:\/\/rubi5.com\/staging\/wp-json\/wp\/v2\/product_tag?post=35484"}],"curies":[{"name":"wp","href":"https:\/\/api.w.org\/{rel}","templated":true}]}}