{"id":35570,"date":"2023-01-12T14:14:41","date_gmt":"2023-01-12T12:14:41","guid":{"rendered":"https:\/\/rubi5.com\/?post_type=product&#038;p=35570"},"modified":"2024-02-07T09:45:33","modified_gmt":"2024-02-07T07:45:33","slug":"gorra-algodon-natupro","status":"publish","type":"product","link":"https:\/\/rubi5.com\/staging\/gorra-algodon-natupro\/","title":{"rendered":"Gorra algod\u00f3n con hebilla Natupro"},"content":{"rendered":"","protected":false},"excerpt":{"rendered":"<p>Gorra de b\u00e9isbol de algod\u00f3n peinado 260 gr\/m2\u00a0con 6 paneles con cierre ajustable con hebilla. 6 ojales cosidos en color a juego. Medida 7 1\/4.<\/p>\n","protected":false},"featured_media":35627,"template":"","meta":{"_acf_changed":false},"product_brand":[],"product_cat":[737,740,29],"product_tag":[],"class_list":{"0":"post-35570","1":"product","2":"type-product","3":"status-publish","4":"has-post-thumbnail","6":"product_cat-complementos-personalizados","7":"product_cat-gorras-personalizadas","8":"product_cat-textil","10":"first","11":"instock","12":"taxable","13":"shipping-taxable","14":"purchasable","15":"product-type-variable"},"acf":[],"_links":{"self":[{"href":"https:\/\/rubi5.com\/staging\/wp-json\/wp\/v2\/product\/35570","targetHints":{"allow":["GET"]}}],"collection":[{"href":"https:\/\/rubi5.com\/staging\/wp-json\/wp\/v2\/product"}],"about":[{"href":"https:\/\/rubi5.com\/staging\/wp-json\/wp\/v2\/types\/product"}],"version-history":[{"count":3,"href":"https:\/\/rubi5.com\/staging\/wp-json\/wp\/v2\/product\/35570\/revisions"}],"predecessor-version":[{"id":61257,"href":"https:\/\/rubi5.com\/staging\/wp-json\/wp\/v2\/product\/35570\/revisions\/61257"}],"wp:featuredmedia":[{"embeddable":true,"href":"https:\/\/rubi5.com\/staging\/wp-json\/wp\/v2\/media\/35627"}],"wp:attachment":[{"href":"https:\/\/rubi5.com\/staging\/wp-json\/wp\/v2\/media?parent=35570"}],"wp:term":[{"taxonomy":"product_brand","embeddable":true,"href":"https:\/\/rubi5.com\/staging\/wp-json\/wp\/v2\/product_brand?post=35570"},{"taxonomy":"product_cat","embeddable":true,"href":"https:\/\/rubi5.com\/staging\/wp-json\/wp\/v2\/product_cat?post=35570"},{"taxonomy":"product_tag","embeddable":true,"href":"https:\/\/rubi5.com\/staging\/wp-json\/wp\/v2\/product_tag?post=35570"}],"curies":[{"name":"wp","href":"https:\/\/api.w.org\/{rel}","templated":true}]}}