{"id":35607,"date":"2023-01-12T14:15:28","date_gmt":"2023-01-12T12:15:28","guid":{"rendered":"https:\/\/rubi5.com\/?post_type=product&#038;p=35607"},"modified":"2024-06-25T09:15:34","modified_gmt":"2024-06-25T07:15:34","slug":"boligrafo-sin-tinta-inkless","status":"publish","type":"product","link":"https:\/\/rubi5.com\/staging\/boligrafo-sin-tinta-inkless\/","title":{"rendered":"Bol\u00edgrafo sin tinta Inkless"},"content":{"rendered":"","protected":false},"excerpt":{"rendered":"<p>Bol\u00edgrafo sin tinta de aluminio de larga duraci\u00f3n. El bol\u00edgrafo escribe con la punta de aleaci\u00f3n de metal.<\/p>\n","protected":false},"featured_media":62192,"template":"","meta":{"_acf_changed":false},"product_brand":[],"product_cat":[319,317,43],"product_tag":[],"class_list":{"0":"post-35607","1":"product","2":"type-product","3":"status-publish","4":"has-post-thumbnail","6":"product_cat-boligrafos-metalicos","7":"product_cat-boligrafos-personalizados","8":"product_cat-escritura","10":"first","11":"instock","12":"taxable","13":"shipping-taxable","14":"purchasable","15":"product-type-variable"},"acf":[],"_links":{"self":[{"href":"https:\/\/rubi5.com\/staging\/wp-json\/wp\/v2\/product\/35607","targetHints":{"allow":["GET"]}}],"collection":[{"href":"https:\/\/rubi5.com\/staging\/wp-json\/wp\/v2\/product"}],"about":[{"href":"https:\/\/rubi5.com\/staging\/wp-json\/wp\/v2\/types\/product"}],"version-history":[{"count":3,"href":"https:\/\/rubi5.com\/staging\/wp-json\/wp\/v2\/product\/35607\/revisions"}],"predecessor-version":[{"id":61357,"href":"https:\/\/rubi5.com\/staging\/wp-json\/wp\/v2\/product\/35607\/revisions\/61357"}],"wp:featuredmedia":[{"embeddable":true,"href":"https:\/\/rubi5.com\/staging\/wp-json\/wp\/v2\/media\/62192"}],"wp:attachment":[{"href":"https:\/\/rubi5.com\/staging\/wp-json\/wp\/v2\/media?parent=35607"}],"wp:term":[{"taxonomy":"product_brand","embeddable":true,"href":"https:\/\/rubi5.com\/staging\/wp-json\/wp\/v2\/product_brand?post=35607"},{"taxonomy":"product_cat","embeddable":true,"href":"https:\/\/rubi5.com\/staging\/wp-json\/wp\/v2\/product_cat?post=35607"},{"taxonomy":"product_tag","embeddable":true,"href":"https:\/\/rubi5.com\/staging\/wp-json\/wp\/v2\/product_tag?post=35607"}],"curies":[{"name":"wp","href":"https:\/\/api.w.org\/{rel}","templated":true}]}}