{"id":35661,"date":"2023-01-12T14:16:38","date_gmt":"2023-01-12T12:16:38","guid":{"rendered":"https:\/\/rubi5.com\/?post_type=product&#038;p=35661"},"modified":"2025-01-23T13:32:04","modified_gmt":"2025-01-23T11:32:04","slug":"bloc-de-notas-papel-con-semillas","status":"publish","type":"product","link":"https:\/\/rubi5.com\/staging\/bloc-de-notas-papel-con-semillas\/","title":{"rendered":"Bloc de notas papel con semillas"},"content":{"rendered":"","protected":false},"excerpt":{"rendered":"<p>Bloc de notas de semillas con 50 hojas de papel de hierba. Las tapas blandas de semillas permiten que cuando se terminen de usar todas sus hojas, se puedan plantar las tapas en la tierra, y esperar a que crezcan flores silvestres.<\/p>\n<p>Tendr\u00e1s 50 hojas para usar en la oficina. Un b\u00e1sico de tu mesa de trabajo, y un regalo ecol\u00f3gico que no podr\u00eda ser m\u00e1s sostenible. Estar\u00e1s regalando a tu p\u00fablico un art\u00edculo que no tendr\u00e1 que tirar a la basura. Le dar\u00e1 un nuevo prop\u00f3sito.<\/p>\n","protected":false},"featured_media":57639,"template":"","meta":{"_acf_changed":false},"product_brand":[],"product_cat":[248,247,980,33,963],"product_tag":[],"class_list":{"0":"post-35661","1":"product","2":"type-product","3":"status-publish","4":"has-post-thumbnail","6":"product_cat-blocs-de-notas-personalizados","7":"product_cat-libretas-personalizadas","8":"product_cat-mas-regalos","9":"product_cat-oficina","10":"product_cat-regalos-con-semillas","12":"first","13":"instock","14":"taxable","15":"shipping-taxable","16":"purchasable","17":"product-type-simple"},"acf":[],"_links":{"self":[{"href":"https:\/\/rubi5.com\/staging\/wp-json\/wp\/v2\/product\/35661","targetHints":{"allow":["GET"]}}],"collection":[{"href":"https:\/\/rubi5.com\/staging\/wp-json\/wp\/v2\/product"}],"about":[{"href":"https:\/\/rubi5.com\/staging\/wp-json\/wp\/v2\/types\/product"}],"version-history":[{"count":5,"href":"https:\/\/rubi5.com\/staging\/wp-json\/wp\/v2\/product\/35661\/revisions"}],"predecessor-version":[{"id":57678,"href":"https:\/\/rubi5.com\/staging\/wp-json\/wp\/v2\/product\/35661\/revisions\/57678"}],"wp:featuredmedia":[{"embeddable":true,"href":"https:\/\/rubi5.com\/staging\/wp-json\/wp\/v2\/media\/57639"}],"wp:attachment":[{"href":"https:\/\/rubi5.com\/staging\/wp-json\/wp\/v2\/media?parent=35661"}],"wp:term":[{"taxonomy":"product_brand","embeddable":true,"href":"https:\/\/rubi5.com\/staging\/wp-json\/wp\/v2\/product_brand?post=35661"},{"taxonomy":"product_cat","embeddable":true,"href":"https:\/\/rubi5.com\/staging\/wp-json\/wp\/v2\/product_cat?post=35661"},{"taxonomy":"product_tag","embeddable":true,"href":"https:\/\/rubi5.com\/staging\/wp-json\/wp\/v2\/product_tag?post=35661"}],"curies":[{"name":"wp","href":"https:\/\/api.w.org\/{rel}","templated":true}]}}