{"id":35662,"date":"2023-01-12T14:16:39","date_gmt":"2023-01-12T12:16:39","guid":{"rendered":"https:\/\/rubi5.com\/?post_type=product&#038;p=35662"},"modified":"2025-01-23T13:43:39","modified_gmt":"2025-01-23T11:43:39","slug":"lapiz-infinito-inkless-bamboo","status":"publish","type":"product","link":"https:\/\/rubi5.com\/staging\/lapiz-infinito-inkless-bamboo\/","title":{"rendered":"L\u00e1piz infinito Inkless Bamboo"},"content":{"rendered":"","protected":false},"excerpt":{"rendered":"<p>L\u00e1piz infinito con punta de grafito, cuerpo de bamb\u00fa y capuch\u00f3n de papel. No deja residuos. No es necesario sacarle punta.<\/p>\n","protected":false},"featured_media":35719,"template":"","meta":{"_acf_changed":false},"product_brand":[],"product_cat":[43,325,324],"product_tag":[],"class_list":{"0":"post-35662","1":"product","2":"type-product","3":"status-publish","4":"has-post-thumbnail","6":"product_cat-escritura","7":"product_cat-lapiceros-de-madera","8":"product_cat-lapiceros-personalizados","10":"first","11":"instock","12":"taxable","13":"shipping-taxable","14":"purchasable","15":"product-type-simple"},"acf":[],"_links":{"self":[{"href":"https:\/\/rubi5.com\/staging\/wp-json\/wp\/v2\/product\/35662","targetHints":{"allow":["GET"]}}],"collection":[{"href":"https:\/\/rubi5.com\/staging\/wp-json\/wp\/v2\/product"}],"about":[{"href":"https:\/\/rubi5.com\/staging\/wp-json\/wp\/v2\/types\/product"}],"version-history":[{"count":2,"href":"https:\/\/rubi5.com\/staging\/wp-json\/wp\/v2\/product\/35662\/revisions"}],"predecessor-version":[{"id":36110,"href":"https:\/\/rubi5.com\/staging\/wp-json\/wp\/v2\/product\/35662\/revisions\/36110"}],"wp:featuredmedia":[{"embeddable":true,"href":"https:\/\/rubi5.com\/staging\/wp-json\/wp\/v2\/media\/35719"}],"wp:attachment":[{"href":"https:\/\/rubi5.com\/staging\/wp-json\/wp\/v2\/media?parent=35662"}],"wp:term":[{"taxonomy":"product_brand","embeddable":true,"href":"https:\/\/rubi5.com\/staging\/wp-json\/wp\/v2\/product_brand?post=35662"},{"taxonomy":"product_cat","embeddable":true,"href":"https:\/\/rubi5.com\/staging\/wp-json\/wp\/v2\/product_cat?post=35662"},{"taxonomy":"product_tag","embeddable":true,"href":"https:\/\/rubi5.com\/staging\/wp-json\/wp\/v2\/product_tag?post=35662"}],"curies":[{"name":"wp","href":"https:\/\/api.w.org\/{rel}","templated":true}]}}