{"id":35696,"date":"2023-01-12T14:17:24","date_gmt":"2023-01-12T12:17:24","guid":{"rendered":"https:\/\/rubi5.com\/?post_type=product&#038;p=35696"},"modified":"2025-01-23T13:54:14","modified_gmt":"2025-01-23T11:54:14","slug":"fiambrera-bambu-laden","status":"publish","type":"product","link":"https:\/\/rubi5.com\/staging\/fiambrera-bambu-laden\/","title":{"rendered":"Fiambrera bamb\u00fa Laden"},"content":{"rendered":"","protected":false},"excerpt":{"rendered":"<p>Fiambrera de bamb\u00fa con separador extra\u00edble y banda el\u00e1stica de nylon. S\u00f3lo para alimentos secos. Capacidad: 650 ml.<\/p>\n","protected":false},"featured_media":62950,"template":"","meta":{"_acf_changed":false},"product_brand":[],"product_cat":[371,199,928],"product_tag":[],"class_list":{"0":"post-35696","1":"product","2":"type-product","3":"status-publish","4":"has-post-thumbnail","6":"product_cat-fiambreras-personalizadas","7":"product_cat-hogar","8":"product_cat-regalos-de-cocina","10":"first","11":"instock","12":"taxable","13":"shipping-taxable","14":"purchasable","15":"product-type-variable"},"acf":[],"_links":{"self":[{"href":"https:\/\/rubi5.com\/staging\/wp-json\/wp\/v2\/product\/35696","targetHints":{"allow":["GET"]}}],"collection":[{"href":"https:\/\/rubi5.com\/staging\/wp-json\/wp\/v2\/product"}],"about":[{"href":"https:\/\/rubi5.com\/staging\/wp-json\/wp\/v2\/types\/product"}],"version-history":[{"count":3,"href":"https:\/\/rubi5.com\/staging\/wp-json\/wp\/v2\/product\/35696\/revisions"}],"predecessor-version":[{"id":61263,"href":"https:\/\/rubi5.com\/staging\/wp-json\/wp\/v2\/product\/35696\/revisions\/61263"}],"wp:featuredmedia":[{"embeddable":true,"href":"https:\/\/rubi5.com\/staging\/wp-json\/wp\/v2\/media\/62950"}],"wp:attachment":[{"href":"https:\/\/rubi5.com\/staging\/wp-json\/wp\/v2\/media?parent=35696"}],"wp:term":[{"taxonomy":"product_brand","embeddable":true,"href":"https:\/\/rubi5.com\/staging\/wp-json\/wp\/v2\/product_brand?post=35696"},{"taxonomy":"product_cat","embeddable":true,"href":"https:\/\/rubi5.com\/staging\/wp-json\/wp\/v2\/product_cat?post=35696"},{"taxonomy":"product_tag","embeddable":true,"href":"https:\/\/rubi5.com\/staging\/wp-json\/wp\/v2\/product_tag?post=35696"}],"curies":[{"name":"wp","href":"https:\/\/api.w.org\/{rel}","templated":true}]}}