{"id":35756,"date":"2023-01-12T14:18:37","date_gmt":"2023-01-12T12:18:37","guid":{"rendered":"https:\/\/rubi5.com\/?post_type=product&#038;p=35756"},"modified":"2025-05-04T21:08:00","modified_gmt":"2025-05-04T19:08:00","slug":"antiestres-nube-cloudy","status":"publish","type":"product","link":"https:\/\/rubi5.com\/staging\/antiestres-nube-cloudy\/","title":{"rendered":"Antiestr\u00e9s nube Cloudy"},"content":{"rendered":"","protected":false},"excerpt":{"rendered":"<p><strong>Nube antiestr\u00e9s<\/strong> de material PU. Podr\u00e1s elegir entre el color azul y el blanco para grabar en el centro el logo de tu empresa. Elige un color para tu logo que destaque con ese fondo.<\/p>\n<p>Una pelota antiestr\u00e9s es un <strong>regalo econ\u00f3mico y pr\u00e1ctico<\/strong> que conquistar\u00e1 a tus clientes, sin importar la ocasi\u00f3n en la que reciban este <strong>detalle promocional<\/strong>. Desde repartir entre los clientes de tu establecimiento, como <strong>obsequio por cada compr<\/strong>a, hasta entregar a los asistentes de un<strong> evento o convenci\u00f3n<\/strong>, junto a su entrada.<\/p>\n","protected":false},"featured_media":57902,"template":"","meta":{"_acf_changed":false},"product_brand":[],"product_cat":[382,187],"product_tag":[],"class_list":{"0":"post-35756","1":"product","2":"type-product","3":"status-publish","4":"has-post-thumbnail","6":"product_cat-pelotas-antiestres","7":"product_cat-salud-y-bienestar","9":"first","10":"instock","11":"taxable","12":"shipping-taxable","13":"purchasable","14":"product-type-variable"},"acf":[],"_links":{"self":[{"href":"https:\/\/rubi5.com\/staging\/wp-json\/wp\/v2\/product\/35756","targetHints":{"allow":["GET"]}}],"collection":[{"href":"https:\/\/rubi5.com\/staging\/wp-json\/wp\/v2\/product"}],"about":[{"href":"https:\/\/rubi5.com\/staging\/wp-json\/wp\/v2\/types\/product"}],"version-history":[{"count":5,"href":"https:\/\/rubi5.com\/staging\/wp-json\/wp\/v2\/product\/35756\/revisions"}],"predecessor-version":[{"id":67203,"href":"https:\/\/rubi5.com\/staging\/wp-json\/wp\/v2\/product\/35756\/revisions\/67203"}],"wp:featuredmedia":[{"embeddable":true,"href":"https:\/\/rubi5.com\/staging\/wp-json\/wp\/v2\/media\/57902"}],"wp:attachment":[{"href":"https:\/\/rubi5.com\/staging\/wp-json\/wp\/v2\/media?parent=35756"}],"wp:term":[{"taxonomy":"product_brand","embeddable":true,"href":"https:\/\/rubi5.com\/staging\/wp-json\/wp\/v2\/product_brand?post=35756"},{"taxonomy":"product_cat","embeddable":true,"href":"https:\/\/rubi5.com\/staging\/wp-json\/wp\/v2\/product_cat?post=35756"},{"taxonomy":"product_tag","embeddable":true,"href":"https:\/\/rubi5.com\/staging\/wp-json\/wp\/v2\/product_tag?post=35756"}],"curies":[{"name":"wp","href":"https:\/\/api.w.org\/{rel}","templated":true}]}}