{"id":35793,"date":"2023-01-12T14:19:23","date_gmt":"2023-01-12T12:19:23","guid":{"rendered":"https:\/\/rubi5.com\/?post_type=product&#038;p=35793"},"modified":"2025-01-23T13:50:17","modified_gmt":"2025-01-23T11:50:17","slug":"paraguas-swansea","status":"publish","type":"product","link":"https:\/\/rubi5.com\/staging\/paraguas-swansea\/","title":{"rendered":"Paraguas Swansea"},"content":{"rendered":"","protected":false},"excerpt":{"rendered":"<p>Paraguas de 27 &#8221;apertura autom\u00e1tica en material de poli\u00e9ster 190T y recubrimiento en plata interior. Eje y varillas en chapado met\u00e1lico negro. Puntas de pl\u00e1stico negro y mango EVA negro recto. Cierre manual.<\/p>\n","protected":false},"featured_media":62921,"template":"","meta":{"_acf_changed":false},"product_brand":[],"product_cat":[729,726,977],"product_tag":[],"class_list":{"0":"post-35793","1":"product","2":"type-product","3":"status-publish","4":"has-post-thumbnail","6":"product_cat-paraguas-personalizados","7":"product_cat-accesorios-y-regalos","8":"product_cat-paraguas-grandes","10":"first","11":"instock","12":"taxable","13":"shipping-taxable","14":"purchasable","15":"product-type-variable"},"acf":[],"_links":{"self":[{"href":"https:\/\/rubi5.com\/staging\/wp-json\/wp\/v2\/product\/35793","targetHints":{"allow":["GET"]}}],"collection":[{"href":"https:\/\/rubi5.com\/staging\/wp-json\/wp\/v2\/product"}],"about":[{"href":"https:\/\/rubi5.com\/staging\/wp-json\/wp\/v2\/types\/product"}],"version-history":[{"count":2,"href":"https:\/\/rubi5.com\/staging\/wp-json\/wp\/v2\/product\/35793\/revisions"}],"predecessor-version":[{"id":36515,"href":"https:\/\/rubi5.com\/staging\/wp-json\/wp\/v2\/product\/35793\/revisions\/36515"}],"wp:featuredmedia":[{"embeddable":true,"href":"https:\/\/rubi5.com\/staging\/wp-json\/wp\/v2\/media\/62921"}],"wp:attachment":[{"href":"https:\/\/rubi5.com\/staging\/wp-json\/wp\/v2\/media?parent=35793"}],"wp:term":[{"taxonomy":"product_brand","embeddable":true,"href":"https:\/\/rubi5.com\/staging\/wp-json\/wp\/v2\/product_brand?post=35793"},{"taxonomy":"product_cat","embeddable":true,"href":"https:\/\/rubi5.com\/staging\/wp-json\/wp\/v2\/product_cat?post=35793"},{"taxonomy":"product_tag","embeddable":true,"href":"https:\/\/rubi5.com\/staging\/wp-json\/wp\/v2\/product_tag?post=35793"}],"curies":[{"name":"wp","href":"https:\/\/api.w.org\/{rel}","templated":true}]}}