{"id":35958,"date":"2023-01-12T14:22:50","date_gmt":"2023-01-12T12:22:50","guid":{"rendered":"https:\/\/rubi5.com\/?post_type=product&#038;p=35958"},"modified":"2024-09-30T11:35:42","modified_gmt":"2024-09-30T09:35:42","slug":"boligrafo-pulsador-bambu-bayba","status":"publish","type":"product","link":"https:\/\/rubi5.com\/staging\/boligrafo-pulsador-bambu-bayba\/","title":{"rendered":"Bol\u00edgrafo pulsador bamb\u00fa Bayba"},"content":{"rendered":"","protected":false},"excerpt":{"rendered":"<p>Bol\u00edgrafo pulsador de bamb\u00fa con puntero t\u00e1ctil y acabado cromado brillante. Tinta azul. El bamb\u00fa es un producto natural, puede haber ligeras variaciones en el color y el tama\u00f1o por art\u00edculo, lo que puede afectar el resultado final de la impresi\u00f3n.<\/p>\n","protected":false},"featured_media":62211,"template":"","meta":{"_acf_changed":false},"product_brand":[],"product_cat":[320,317,43],"product_tag":[],"class_list":{"0":"post-35958","1":"product","2":"type-product","3":"status-publish","4":"has-post-thumbnail","6":"product_cat-boligrafos-ecologicos","7":"product_cat-boligrafos-personalizados","8":"product_cat-escritura","10":"first","11":"instock","12":"taxable","13":"shipping-taxable","14":"purchasable","15":"product-type-simple"},"acf":[],"_links":{"self":[{"href":"https:\/\/rubi5.com\/staging\/wp-json\/wp\/v2\/product\/35958","targetHints":{"allow":["GET"]}}],"collection":[{"href":"https:\/\/rubi5.com\/staging\/wp-json\/wp\/v2\/product"}],"about":[{"href":"https:\/\/rubi5.com\/staging\/wp-json\/wp\/v2\/types\/product"}],"version-history":[{"count":2,"href":"https:\/\/rubi5.com\/staging\/wp-json\/wp\/v2\/product\/35958\/revisions"}],"predecessor-version":[{"id":36918,"href":"https:\/\/rubi5.com\/staging\/wp-json\/wp\/v2\/product\/35958\/revisions\/36918"}],"wp:featuredmedia":[{"embeddable":true,"href":"https:\/\/rubi5.com\/staging\/wp-json\/wp\/v2\/media\/62211"}],"wp:attachment":[{"href":"https:\/\/rubi5.com\/staging\/wp-json\/wp\/v2\/media?parent=35958"}],"wp:term":[{"taxonomy":"product_brand","embeddable":true,"href":"https:\/\/rubi5.com\/staging\/wp-json\/wp\/v2\/product_brand?post=35958"},{"taxonomy":"product_cat","embeddable":true,"href":"https:\/\/rubi5.com\/staging\/wp-json\/wp\/v2\/product_cat?post=35958"},{"taxonomy":"product_tag","embeddable":true,"href":"https:\/\/rubi5.com\/staging\/wp-json\/wp\/v2\/product_tag?post=35958"}],"curies":[{"name":"wp","href":"https:\/\/api.w.org\/{rel}","templated":true}]}}