{"id":38257,"date":"2023-01-19T11:40:17","date_gmt":"2023-01-19T09:40:17","guid":{"rendered":"https:\/\/rubi5.com\/?post_type=product&#038;p=38257"},"modified":"2025-10-14T11:22:05","modified_gmt":"2025-10-14T09:22:05","slug":"bic-grip-roller","status":"publish","type":"product","link":"https:\/\/rubi5.com\/staging\/bic-grip-roller\/","title":{"rendered":"BIC Grip Roller"},"content":{"rendered":"","protected":false},"excerpt":{"rendered":"<p>El roller Bic que podr\u00e1s personalizar con tu logo. Uno de los bol\u00edgrafos bic m\u00e1s demandados, despu\u00e9s del t\u00edpico boli bic cristal. Si lo que te gusta es escribir en tinta, este es tu bol\u00edgrafo.<\/p>\n<p><strong>Dependiendo el color del bol\u00edgrafo, la tinta puede ser <span style=\"color: #0000ff;\">azul<\/span> o <span style=\"color: #000000;\">negra<\/span>.<\/strong> <a href=\"mailto: marketing@rubi5.com\">Consultar<\/a><\/p>\n<p>Podr\u00e1s grabar tu logo en m\u00e1s de un color, y quedar\u00e1 un acabado perfecto con el que sorprender\u00e1s a tus empleados y clientes cuando lo repartas.<\/p>\n<p>Disfruta de una experiencia de escritura suave. Se desliza f\u00e1cilmente a trav\u00e9s del papel y sin manchas gracias a la tinta de secado r\u00e1pido, ideal tanto para las personas zurdas como diestras.<\/p>\n","protected":false},"featured_media":63417,"template":"","meta":{"_acf_changed":false},"product_brand":[],"product_cat":[886,317,43],"product_tag":[],"class_list":{"0":"post-38257","1":"product","2":"type-product","3":"status-publish","4":"has-post-thumbnail","6":"product_cat-boligrafos-bic","7":"product_cat-boligrafos-personalizados","8":"product_cat-escritura","9":"pa_marcas-bic","11":"first","12":"instock","13":"taxable","14":"shipping-taxable","15":"purchasable","16":"product-type-variable"},"acf":[],"_links":{"self":[{"href":"https:\/\/rubi5.com\/staging\/wp-json\/wp\/v2\/product\/38257","targetHints":{"allow":["GET"]}}],"collection":[{"href":"https:\/\/rubi5.com\/staging\/wp-json\/wp\/v2\/product"}],"about":[{"href":"https:\/\/rubi5.com\/staging\/wp-json\/wp\/v2\/types\/product"}],"version-history":[{"count":7,"href":"https:\/\/rubi5.com\/staging\/wp-json\/wp\/v2\/product\/38257\/revisions"}],"predecessor-version":[{"id":63457,"href":"https:\/\/rubi5.com\/staging\/wp-json\/wp\/v2\/product\/38257\/revisions\/63457"}],"wp:featuredmedia":[{"embeddable":true,"href":"https:\/\/rubi5.com\/staging\/wp-json\/wp\/v2\/media\/63417"}],"wp:attachment":[{"href":"https:\/\/rubi5.com\/staging\/wp-json\/wp\/v2\/media?parent=38257"}],"wp:term":[{"taxonomy":"product_brand","embeddable":true,"href":"https:\/\/rubi5.com\/staging\/wp-json\/wp\/v2\/product_brand?post=38257"},{"taxonomy":"product_cat","embeddable":true,"href":"https:\/\/rubi5.com\/staging\/wp-json\/wp\/v2\/product_cat?post=38257"},{"taxonomy":"product_tag","embeddable":true,"href":"https:\/\/rubi5.com\/staging\/wp-json\/wp\/v2\/product_tag?post=38257"}],"curies":[{"name":"wp","href":"https:\/\/api.w.org\/{rel}","templated":true}]}}