{"id":38804,"date":"2023-02-16T11:04:04","date_gmt":"2023-02-16T09:04:04","guid":{"rendered":"https:\/\/rubi5.com\/?post_type=product&#038;p=38804"},"modified":"2025-02-03T12:15:02","modified_gmt":"2025-02-03T10:15:02","slug":"photocall-personalizado-de-lona","status":"publish","type":"product","link":"https:\/\/rubi5.com\/staging\/photocall-personalizado-de-lona\/","title":{"rendered":"Photocall personalizado X-Banner L 165 x 180 cm"},"content":{"rendered":"","protected":false},"excerpt":{"rendered":"<p><strong>Photocall X-banner<\/strong> <strong>L<\/strong> desplegable con base tr\u00edpode. Incluye la impresi\u00f3n en lona frontlit de 510 gr. en tejido poli\u00e9ster recubierto de PVC plastificado, lo que le otorga una gran duraci\u00f3n. La lona est\u00e1 compuesta por ojales en todo el per\u00edmetro, para sujetarla a la estructura.<\/p>\n<p>La estructura del photocall se compone de soportes XBanner, que son unos soportes met\u00e1licos en forma de cruz, ideales para aguantar la lona de forma estable y segura.<\/p>\n<p>El precio incluye: <strong>Estructura Photocall + Impresi\u00f3n<\/strong> (dise\u00f1o a todo color por una cara)<\/p>\n<p>Un photocall personalizado es un b\u00e1sico en cualquier celebraci\u00f3n o evento multitudinario. Desde bodas y comuniones, a cenas de empresa o la inauguraci\u00f3n de tu nuevo negocio.<\/p>\n<p>Si est\u00e1s buscando un photocall barato, que cumpla la funci\u00f3n de llamar la atenci\u00f3n de los asistentes en un evento, este es tu photocall. Adem\u00e1s, este tipo de photocall es perfecto para instalar en exteriores, gracias a su resistencia al sol y al agua.<\/p>\n","protected":false},"featured_media":67325,"template":"","meta":{"_acf_changed":false},"product_brand":[],"product_cat":[751,54,756],"product_tag":[],"class_list":{"0":"post-38804","1":"product","2":"type-product","3":"status-publish","4":"has-post-thumbnail","6":"product_cat-photocalls-personalizados","7":"product_cat-eventos","8":"product_cat-expositores-publicitarios","10":"first","11":"instock","12":"taxable","13":"shipping-taxable","14":"product-type-external"},"acf":[],"_links":{"self":[{"href":"https:\/\/rubi5.com\/staging\/wp-json\/wp\/v2\/product\/38804","targetHints":{"allow":["GET"]}}],"collection":[{"href":"https:\/\/rubi5.com\/staging\/wp-json\/wp\/v2\/product"}],"about":[{"href":"https:\/\/rubi5.com\/staging\/wp-json\/wp\/v2\/types\/product"}],"version-history":[{"count":5,"href":"https:\/\/rubi5.com\/staging\/wp-json\/wp\/v2\/product\/38804\/revisions"}],"predecessor-version":[{"id":67324,"href":"https:\/\/rubi5.com\/staging\/wp-json\/wp\/v2\/product\/38804\/revisions\/67324"}],"wp:featuredmedia":[{"embeddable":true,"href":"https:\/\/rubi5.com\/staging\/wp-json\/wp\/v2\/media\/67325"}],"wp:attachment":[{"href":"https:\/\/rubi5.com\/staging\/wp-json\/wp\/v2\/media?parent=38804"}],"wp:term":[{"taxonomy":"product_brand","embeddable":true,"href":"https:\/\/rubi5.com\/staging\/wp-json\/wp\/v2\/product_brand?post=38804"},{"taxonomy":"product_cat","embeddable":true,"href":"https:\/\/rubi5.com\/staging\/wp-json\/wp\/v2\/product_cat?post=38804"},{"taxonomy":"product_tag","embeddable":true,"href":"https:\/\/rubi5.com\/staging\/wp-json\/wp\/v2\/product_tag?post=38804"}],"curies":[{"name":"wp","href":"https:\/\/api.w.org\/{rel}","templated":true}]}}