{"id":39215,"date":"2023-02-21T14:06:51","date_gmt":"2023-02-21T12:06:51","guid":{"rendered":"https:\/\/rubi5.com\/?post_type=product&#038;p=39215"},"modified":"2025-02-12T15:10:54","modified_gmt":"2025-02-12T13:10:54","slug":"placa-de-homenaje-laser","status":"publish","type":"product","link":"https:\/\/rubi5.com\/staging\/placa-de-homenaje-laser\/","title":{"rendered":"Placa de homenaje l\u00e1ser 18 x 13 cm"},"content":{"rendered":"","protected":false},"excerpt":{"rendered":"<p>Placa de homenaje grabado a l\u00e1ser.<\/p>\n<p>De tama\u00f1o peque\u00f1o. Tambi\u00e9n disponible en tama\u00f1o mediano.<\/p>\n<p>MEDIDAS PLACA: 18 x 13 cm<\/p>\n<p>En la parte trasera del marco tiene un soporte de madera, a juego con el marco, para poder sostenerla en cualquier mesa o superficie plana.<\/p>\n<p>Presentado en un elegante estuche de regalo.<\/p>\n<p>La placa grabada a l\u00e1ser le da un toque de elegancia, ideal para grabar una frase de reconocimiento o gratitud, dedicada a un trabajador el d\u00eda de su jubilaci\u00f3n.<\/p>\n<p><strong>CONSULTAR MODELOS DISPONIBLES<\/strong><\/p>\n","protected":false},"featured_media":67474,"template":"","meta":{"_acf_changed":false},"product_brand":[],"product_cat":[142,867],"product_tag":[],"class_list":{"0":"post-39215","1":"product","2":"type-product","3":"status-publish","4":"has-post-thumbnail","6":"product_cat-trofeos-y-medallas","7":"product_cat-placas-personalizadas","9":"first","10":"instock","11":"taxable","12":"shipping-taxable","13":"purchasable","14":"product-type-simple"},"acf":[],"_links":{"self":[{"href":"https:\/\/rubi5.com\/staging\/wp-json\/wp\/v2\/product\/39215","targetHints":{"allow":["GET"]}}],"collection":[{"href":"https:\/\/rubi5.com\/staging\/wp-json\/wp\/v2\/product"}],"about":[{"href":"https:\/\/rubi5.com\/staging\/wp-json\/wp\/v2\/types\/product"}],"version-history":[{"count":12,"href":"https:\/\/rubi5.com\/staging\/wp-json\/wp\/v2\/product\/39215\/revisions"}],"predecessor-version":[{"id":67447,"href":"https:\/\/rubi5.com\/staging\/wp-json\/wp\/v2\/product\/39215\/revisions\/67447"}],"wp:featuredmedia":[{"embeddable":true,"href":"https:\/\/rubi5.com\/staging\/wp-json\/wp\/v2\/media\/67474"}],"wp:attachment":[{"href":"https:\/\/rubi5.com\/staging\/wp-json\/wp\/v2\/media?parent=39215"}],"wp:term":[{"taxonomy":"product_brand","embeddable":true,"href":"https:\/\/rubi5.com\/staging\/wp-json\/wp\/v2\/product_brand?post=39215"},{"taxonomy":"product_cat","embeddable":true,"href":"https:\/\/rubi5.com\/staging\/wp-json\/wp\/v2\/product_cat?post=39215"},{"taxonomy":"product_tag","embeddable":true,"href":"https:\/\/rubi5.com\/staging\/wp-json\/wp\/v2\/product_tag?post=39215"}],"curies":[{"name":"wp","href":"https:\/\/api.w.org\/{rel}","templated":true}]}}