{"id":39683,"date":"2023-03-01T09:53:26","date_gmt":"2023-03-01T07:53:26","guid":{"rendered":"https:\/\/rubi5.com\/?post_type=product&#038;p=39683"},"modified":"2026-01-22T04:35:13","modified_gmt":"2026-01-22T02:35:13","slug":"vaso-de-acero-inoxidable-ripon","status":"publish","type":"product","link":"https:\/\/rubi5.com\/staging\/vaso-de-acero-inoxidable-ripon\/","title":{"rendered":"Vaso de acero inoxidable Ripon"},"content":{"rendered":"","protected":false},"excerpt":{"rendered":"<p>Vaso de 350ml de capacidad en acero inox. Cuerpo con dise\u00f1o biselado, con anilla de color negro. Disponible en variada gama de colores, con original tap\u00f3n dosificador transparente y presentado en atractiva caja de dise\u00f1o.<\/p>\n","protected":false},"featured_media":57877,"template":"","meta":{"_acf_changed":false},"product_brand":[],"product_cat":[30,241,242],"product_tag":[],"class_list":{"0":"post-39683","1":"product","2":"type-product","3":"status-publish","4":"has-post-thumbnail","6":"product_cat-tazas-y-botellas","7":"product_cat-vasos-personalizados","8":"product_cat-vasos-termicos","10":"first","11":"instock","12":"taxable","13":"shipping-taxable","14":"purchasable","15":"product-type-variable"},"acf":[],"_links":{"self":[{"href":"https:\/\/rubi5.com\/staging\/wp-json\/wp\/v2\/product\/39683","targetHints":{"allow":["GET"]}}],"collection":[{"href":"https:\/\/rubi5.com\/staging\/wp-json\/wp\/v2\/product"}],"about":[{"href":"https:\/\/rubi5.com\/staging\/wp-json\/wp\/v2\/types\/product"}],"version-history":[{"count":4,"href":"https:\/\/rubi5.com\/staging\/wp-json\/wp\/v2\/product\/39683\/revisions"}],"predecessor-version":[{"id":61197,"href":"https:\/\/rubi5.com\/staging\/wp-json\/wp\/v2\/product\/39683\/revisions\/61197"}],"wp:featuredmedia":[{"embeddable":true,"href":"https:\/\/rubi5.com\/staging\/wp-json\/wp\/v2\/media\/57877"}],"wp:attachment":[{"href":"https:\/\/rubi5.com\/staging\/wp-json\/wp\/v2\/media?parent=39683"}],"wp:term":[{"taxonomy":"product_brand","embeddable":true,"href":"https:\/\/rubi5.com\/staging\/wp-json\/wp\/v2\/product_brand?post=39683"},{"taxonomy":"product_cat","embeddable":true,"href":"https:\/\/rubi5.com\/staging\/wp-json\/wp\/v2\/product_cat?post=39683"},{"taxonomy":"product_tag","embeddable":true,"href":"https:\/\/rubi5.com\/staging\/wp-json\/wp\/v2\/product_tag?post=39683"}],"curies":[{"name":"wp","href":"https:\/\/api.w.org\/{rel}","templated":true}]}}