{"id":50901,"date":"2023-04-14T08:33:48","date_gmt":"2023-04-14T06:33:48","guid":{"rendered":"https:\/\/rubi5.com\/?post_type=product&#038;p=50901"},"modified":"2026-01-22T04:35:13","modified_gmt":"2026-01-22T02:35:13","slug":"gafas-de-sol-malter","status":"publish","type":"product","link":"https:\/\/rubi5.com\/staging\/gafas-de-sol-malter\/","title":{"rendered":"Gafas de sol Malter"},"content":{"rendered":"","protected":false},"excerpt":{"rendered":"<p>Gafas de sol con protecci\u00f3n UV400 de cl\u00e1sico dise\u00f1o. Con montura de acabado mate en divertidos colores y lentes en color negro.<\/p>\n","protected":false},"featured_media":62441,"template":"","meta":{"_acf_changed":false},"product_brand":[],"product_cat":[726,727],"product_tag":[],"class_list":{"0":"post-50901","1":"product","2":"type-product","3":"status-publish","4":"has-post-thumbnail","6":"product_cat-accesorios-y-regalos","7":"product_cat-gafas-de-sol-personalizadas","9":"first","10":"instock","11":"taxable","12":"shipping-taxable","13":"purchasable","14":"product-type-variable"},"acf":[],"_links":{"self":[{"href":"https:\/\/rubi5.com\/staging\/wp-json\/wp\/v2\/product\/50901","targetHints":{"allow":["GET"]}}],"collection":[{"href":"https:\/\/rubi5.com\/staging\/wp-json\/wp\/v2\/product"}],"about":[{"href":"https:\/\/rubi5.com\/staging\/wp-json\/wp\/v2\/types\/product"}],"version-history":[{"count":1,"href":"https:\/\/rubi5.com\/staging\/wp-json\/wp\/v2\/product\/50901\/revisions"}],"predecessor-version":[{"id":50918,"href":"https:\/\/rubi5.com\/staging\/wp-json\/wp\/v2\/product\/50901\/revisions\/50918"}],"wp:featuredmedia":[{"embeddable":true,"href":"https:\/\/rubi5.com\/staging\/wp-json\/wp\/v2\/media\/62441"}],"wp:attachment":[{"href":"https:\/\/rubi5.com\/staging\/wp-json\/wp\/v2\/media?parent=50901"}],"wp:term":[{"taxonomy":"product_brand","embeddable":true,"href":"https:\/\/rubi5.com\/staging\/wp-json\/wp\/v2\/product_brand?post=50901"},{"taxonomy":"product_cat","embeddable":true,"href":"https:\/\/rubi5.com\/staging\/wp-json\/wp\/v2\/product_cat?post=50901"},{"taxonomy":"product_tag","embeddable":true,"href":"https:\/\/rubi5.com\/staging\/wp-json\/wp\/v2\/product_tag?post=50901"}],"curies":[{"name":"wp","href":"https:\/\/api.w.org\/{rel}","templated":true}]}}