{"id":54571,"date":"2023-05-16T07:47:32","date_gmt":"2023-05-16T05:47:32","guid":{"rendered":"https:\/\/rubi5.com\/?post_type=product&#038;p=54571"},"modified":"2026-01-22T04:35:13","modified_gmt":"2026-01-22T02:35:13","slug":"bolsa-rumel","status":"publish","type":"product","link":"https:\/\/rubi5.com\/staging\/bolsa-rumel\/","title":{"rendered":"Bolsa algod\u00f3n org\u00e1nico Rumel 140g\/m2"},"content":{"rendered":"","protected":false},"excerpt":{"rendered":"<p>Bolsa fabricada en material 100% algod\u00f3n org\u00e1nico de 140g\/m2 y en tono natural. Con certificaci\u00f3n GOTS (Global Organic Textile Standard, \u00f3 Norma Mundial de Textiles Org\u00e1nicos) que garantiza que los tejidos est\u00e1n hechos de fibras org\u00e1nicas.<\/p>\n<p>De acabado cosido, con asas medianas reforzadas de 70 cm. Resistencia hasta 8kg.<\/p>\n<p><strong>Medidas: 38 x 42 cm\u00a0<\/strong><\/p>\n<p>Una bolsa personalizada es el perfecto merchandising en cualquier evento. Aprovecha ese congreso al que vais a asistir, o ese evento que se organiza en tu empresa, para regalar a los invitados una bolsa publicitaria con tu logotipo grabado en ella.<\/p>\n<p>&nbsp;<\/p>\n<p>&nbsp;<\/p>\n","protected":false},"featured_media":57989,"template":"","meta":{"_acf_changed":false},"product_brand":[],"product_cat":[219,196,21],"product_tag":[],"class_list":{"0":"post-54571","1":"product","2":"type-product","3":"status-publish","4":"has-post-thumbnail","6":"product_cat-bolsas-de-tela","7":"product_cat-bolsas-personalizadas","8":"product_cat-bolsas-y-mochilas","10":"first","11":"instock","12":"taxable","13":"shipping-taxable","14":"purchasable","15":"product-type-variable"},"acf":[],"_links":{"self":[{"href":"https:\/\/rubi5.com\/staging\/wp-json\/wp\/v2\/product\/54571","targetHints":{"allow":["GET"]}}],"collection":[{"href":"https:\/\/rubi5.com\/staging\/wp-json\/wp\/v2\/product"}],"about":[{"href":"https:\/\/rubi5.com\/staging\/wp-json\/wp\/v2\/types\/product"}],"version-history":[{"count":7,"href":"https:\/\/rubi5.com\/staging\/wp-json\/wp\/v2\/product\/54571\/revisions"}],"predecessor-version":[{"id":61337,"href":"https:\/\/rubi5.com\/staging\/wp-json\/wp\/v2\/product\/54571\/revisions\/61337"}],"wp:featuredmedia":[{"embeddable":true,"href":"https:\/\/rubi5.com\/staging\/wp-json\/wp\/v2\/media\/57989"}],"wp:attachment":[{"href":"https:\/\/rubi5.com\/staging\/wp-json\/wp\/v2\/media?parent=54571"}],"wp:term":[{"taxonomy":"product_brand","embeddable":true,"href":"https:\/\/rubi5.com\/staging\/wp-json\/wp\/v2\/product_brand?post=54571"},{"taxonomy":"product_cat","embeddable":true,"href":"https:\/\/rubi5.com\/staging\/wp-json\/wp\/v2\/product_cat?post=54571"},{"taxonomy":"product_tag","embeddable":true,"href":"https:\/\/rubi5.com\/staging\/wp-json\/wp\/v2\/product_tag?post=54571"}],"curies":[{"name":"wp","href":"https:\/\/api.w.org\/{rel}","templated":true}]}}