{"id":57590,"date":"2023-08-29T08:17:23","date_gmt":"2023-08-29T06:17:23","guid":{"rendered":"https:\/\/rubi5.com\/?post_type=product&#038;p=57590"},"modified":"2023-12-15T13:40:25","modified_gmt":"2023-12-15T11:40:25","slug":"posavasos-de-papel-de-semillas","status":"publish","type":"product","link":"https:\/\/rubi5.com\/staging\/posavasos-de-papel-de-semillas\/","title":{"rendered":"Posavasos de papel de semillas"},"content":{"rendered":"","protected":false},"excerpt":{"rendered":"<p>Fabricado en Europa &#8211; Posavasos de papel con semillas para plantar, fabricado a partir de residuos de papel postconsumo.<\/p>\n<p>Despu\u00e9s de usarlos, simplemente pl\u00e1ntalos en la tierra y crecer\u00e1n las flores, hierbas u hortalizas que elijas.<\/p>\n<p><strong>Tu dise\u00f1o a todo color puede imprimirse por una cara<\/strong>. Los costes de impresi\u00f3n son m\u00e1s bajos para los dise\u00f1os que cubren menos del 50% de la superficie. Atenci\u00f3n: la irregularidad del papel de las semillas puede provocar rayas durante la impresi\u00f3n.<\/p>\n<p>Detalles del producto: Papel de 80 g\/m\u00b2 (di\u00e1metro: 9 cm) . Los detalles de los ingredientes se mencionan en el embalaje de cart\u00f3n.<\/p>\n","protected":false},"featured_media":57597,"template":"","meta":{"_acf_changed":false},"product_brand":[],"product_cat":[374,199,963,928],"product_tag":[],"class_list":{"0":"post-57590","1":"product","2":"type-product","3":"status-publish","4":"has-post-thumbnail","6":"product_cat-accesorios-para-vino","7":"product_cat-hogar","8":"product_cat-regalos-con-semillas","9":"product_cat-regalos-de-cocina","11":"first","12":"instock","13":"taxable","14":"shipping-taxable","15":"product-type-external"},"acf":[],"_links":{"self":[{"href":"https:\/\/rubi5.com\/staging\/wp-json\/wp\/v2\/product\/57590","targetHints":{"allow":["GET"]}}],"collection":[{"href":"https:\/\/rubi5.com\/staging\/wp-json\/wp\/v2\/product"}],"about":[{"href":"https:\/\/rubi5.com\/staging\/wp-json\/wp\/v2\/types\/product"}],"version-history":[{"count":4,"href":"https:\/\/rubi5.com\/staging\/wp-json\/wp\/v2\/product\/57590\/revisions"}],"predecessor-version":[{"id":57603,"href":"https:\/\/rubi5.com\/staging\/wp-json\/wp\/v2\/product\/57590\/revisions\/57603"}],"wp:featuredmedia":[{"embeddable":true,"href":"https:\/\/rubi5.com\/staging\/wp-json\/wp\/v2\/media\/57597"}],"wp:attachment":[{"href":"https:\/\/rubi5.com\/staging\/wp-json\/wp\/v2\/media?parent=57590"}],"wp:term":[{"taxonomy":"product_brand","embeddable":true,"href":"https:\/\/rubi5.com\/staging\/wp-json\/wp\/v2\/product_brand?post=57590"},{"taxonomy":"product_cat","embeddable":true,"href":"https:\/\/rubi5.com\/staging\/wp-json\/wp\/v2\/product_cat?post=57590"},{"taxonomy":"product_tag","embeddable":true,"href":"https:\/\/rubi5.com\/staging\/wp-json\/wp\/v2\/product_tag?post=57590"}],"curies":[{"name":"wp","href":"https:\/\/api.w.org\/{rel}","templated":true}]}}