{"id":57612,"date":"2023-08-29T08:16:07","date_gmt":"2023-08-29T06:16:07","guid":{"rendered":"https:\/\/rubi5.com\/?post_type=product&#038;p=57612"},"modified":"2024-01-08T10:58:08","modified_gmt":"2024-01-08T08:58:08","slug":"confeti-de-papel-de-semillas","status":"publish","type":"product","link":"https:\/\/rubi5.com\/staging\/confeti-de-papel-de-semillas\/","title":{"rendered":"Confeti de papel de semillas"},"content":{"rendered":"","protected":false},"excerpt":{"rendered":"<p>Esta caja de cart\u00f3n que podr\u00e1s personalizar con el dise\u00f1o que quieras, ya sea de tu empresa o de la fiesta o celebraci\u00f3n en la que vayas a repartirlas, contiene confeti de papel de semillas de colores en forma de c\u00edrculos, corazones y flores.<\/p>\n<p>\u00bfTe preguntas qu\u00e9 significa que el confeti sea de semillas? Que no tendr\u00e1s que limpiar nada despu\u00e9s de la fiesta. Ideal para festivales al aire libre, donde cada confeti que caiga a la tierra, se convertir\u00e1 en una nueva planta. No contaminas y no desperdicias nada.<\/p>\n<p>Deja el confeti en la tierra y crecer\u00e1 una mezcla de flores silvestres preciosa.<\/p>\n<p>Detalles del producto: Papel de 80 g\/m\u00b2. Dimensiones de la caja: 7x2x10 cm.<\/p>\n","protected":false},"featured_media":57616,"template":"","meta":{"_acf_changed":false},"product_brand":[],"product_cat":[980,963],"product_tag":[],"class_list":{"0":"post-57612","1":"product","2":"type-product","3":"status-publish","4":"has-post-thumbnail","6":"product_cat-mas-regalos","7":"product_cat-regalos-con-semillas","9":"first","10":"instock","11":"taxable","12":"shipping-taxable","13":"product-type-external"},"acf":[],"_links":{"self":[{"href":"https:\/\/rubi5.com\/staging\/wp-json\/wp\/v2\/product\/57612","targetHints":{"allow":["GET"]}}],"collection":[{"href":"https:\/\/rubi5.com\/staging\/wp-json\/wp\/v2\/product"}],"about":[{"href":"https:\/\/rubi5.com\/staging\/wp-json\/wp\/v2\/types\/product"}],"version-history":[{"count":2,"href":"https:\/\/rubi5.com\/staging\/wp-json\/wp\/v2\/product\/57612\/revisions"}],"predecessor-version":[{"id":57619,"href":"https:\/\/rubi5.com\/staging\/wp-json\/wp\/v2\/product\/57612\/revisions\/57619"}],"wp:featuredmedia":[{"embeddable":true,"href":"https:\/\/rubi5.com\/staging\/wp-json\/wp\/v2\/media\/57616"}],"wp:attachment":[{"href":"https:\/\/rubi5.com\/staging\/wp-json\/wp\/v2\/media?parent=57612"}],"wp:term":[{"taxonomy":"product_brand","embeddable":true,"href":"https:\/\/rubi5.com\/staging\/wp-json\/wp\/v2\/product_brand?post=57612"},{"taxonomy":"product_cat","embeddable":true,"href":"https:\/\/rubi5.com\/staging\/wp-json\/wp\/v2\/product_cat?post=57612"},{"taxonomy":"product_tag","embeddable":true,"href":"https:\/\/rubi5.com\/staging\/wp-json\/wp\/v2\/product_tag?post=57612"}],"curies":[{"name":"wp","href":"https:\/\/api.w.org\/{rel}","templated":true}]}}