{"id":57649,"date":"2023-08-29T09:35:13","date_gmt":"2023-08-29T07:35:13","guid":{"rendered":"https:\/\/rubi5.com\/?post_type=product&#038;p=57649"},"modified":"2025-01-23T13:33:39","modified_gmt":"2025-01-23T11:33:39","slug":"bloc-de-notas-adhesivas-con-semillas","status":"publish","type":"product","link":"https:\/\/rubi5.com\/staging\/bloc-de-notas-adhesivas-con-semillas\/","title":{"rendered":"Bloc de notas adhesivas con semillas"},"content":{"rendered":"","protected":false},"excerpt":{"rendered":"<p>Bloc de notas de 25 notas adhesivas amarillas y stickers de colores.<\/p>\n<p>Un original bloc de notas que despu\u00e9s de su uso podr\u00e1s reciclarlo de una forma m\u00e1s sostenible. Las semillas que forman las tapas del bloc podr\u00e1s plantarlas en la tierra, y dar\u00e1n como fruto, unas preciosas amapolas rojas.<\/p>\n","protected":false},"featured_media":57650,"template":"","meta":{"_acf_changed":false},"product_brand":[],"product_cat":[247,248,980,33,963],"product_tag":[],"class_list":{"0":"post-57649","1":"product","2":"type-product","3":"status-publish","4":"has-post-thumbnail","6":"product_cat-libretas-personalizadas","7":"product_cat-blocs-de-notas-personalizados","8":"product_cat-mas-regalos","9":"product_cat-oficina","10":"product_cat-regalos-con-semillas","12":"first","13":"instock","14":"taxable","15":"shipping-taxable","16":"purchasable","17":"product-type-simple"},"acf":[],"_links":{"self":[{"href":"https:\/\/rubi5.com\/staging\/wp-json\/wp\/v2\/product\/57649","targetHints":{"allow":["GET"]}}],"collection":[{"href":"https:\/\/rubi5.com\/staging\/wp-json\/wp\/v2\/product"}],"about":[{"href":"https:\/\/rubi5.com\/staging\/wp-json\/wp\/v2\/types\/product"}],"version-history":[{"count":1,"href":"https:\/\/rubi5.com\/staging\/wp-json\/wp\/v2\/product\/57649\/revisions"}],"predecessor-version":[{"id":57652,"href":"https:\/\/rubi5.com\/staging\/wp-json\/wp\/v2\/product\/57649\/revisions\/57652"}],"wp:featuredmedia":[{"embeddable":true,"href":"https:\/\/rubi5.com\/staging\/wp-json\/wp\/v2\/media\/57650"}],"wp:attachment":[{"href":"https:\/\/rubi5.com\/staging\/wp-json\/wp\/v2\/media?parent=57649"}],"wp:term":[{"taxonomy":"product_brand","embeddable":true,"href":"https:\/\/rubi5.com\/staging\/wp-json\/wp\/v2\/product_brand?post=57649"},{"taxonomy":"product_cat","embeddable":true,"href":"https:\/\/rubi5.com\/staging\/wp-json\/wp\/v2\/product_cat?post=57649"},{"taxonomy":"product_tag","embeddable":true,"href":"https:\/\/rubi5.com\/staging\/wp-json\/wp\/v2\/product_tag?post=57649"}],"curies":[{"name":"wp","href":"https:\/\/api.w.org\/{rel}","templated":true}]}}