{"id":57932,"date":"2023-09-15T13:13:22","date_gmt":"2023-09-15T11:13:22","guid":{"rendered":"https:\/\/rubi5.com\/?post_type=product&#038;p=57932"},"modified":"2026-01-20T19:11:12","modified_gmt":"2026-01-20T17:11:12","slug":"power-bank-bramson-5-000-mah","status":"publish","type":"product","link":"https:\/\/rubi5.com\/staging\/power-bank-bramson-5-000-mah\/","title":{"rendered":"Power bank Bramson 5.000 mAh"},"content":{"rendered":"","protected":false},"excerpt":{"rendered":"<p>Power bank con 5.000 mAh de capacidad de carga. Bater\u00eda auxiliar externa en un original dise\u00f1o transparente. Cargador inal\u00e1mbrico integrado 15W y conectores de entrada\/salida Tipo C + salida USB. Con fijaci\u00f3n magn\u00e9tica Magsafe, para una firme sujeci\u00f3n del dispositivo, compatible con dispositivos equipados con tecnolog\u00eda de carga inal\u00e1mbrica Qi. Cable de carga incluido, con manual de instrucciones disponible en espa\u00f1ol e ingl\u00e9s. Presentada en caja individual de dise\u00f1o eco y en cart\u00f3n kraft.<\/p>\n<p>Entrada\/Salida Tipo C: 5-12V DC 3-1.67A, 20W<br \/>\nSalida USB: 5-12V DC 3-1.5A, 18W<br \/>\nInal\u00e1mbrico 15W. Magn\u00e9tico. 5000 mAh. 2 Salidas USB y 1 Tipo C. Entrada Tipo C<\/p>\n","protected":false},"featured_media":62279,"template":"","meta":{"_acf_changed":false},"product_brand":[],"product_cat":[328,329,147],"product_tag":[],"class_list":{"0":"post-57932","1":"product","2":"type-product","3":"status-publish","4":"has-post-thumbnail","6":"product_cat-cargadores-personalizados","7":"product_cat-powerbanks-personalizados","8":"product_cat-tecnologia","10":"first","11":"instock","12":"taxable","13":"shipping-taxable","14":"purchasable","15":"product-type-simple"},"acf":[],"_links":{"self":[{"href":"https:\/\/rubi5.com\/staging\/wp-json\/wp\/v2\/product\/57932","targetHints":{"allow":["GET"]}}],"collection":[{"href":"https:\/\/rubi5.com\/staging\/wp-json\/wp\/v2\/product"}],"about":[{"href":"https:\/\/rubi5.com\/staging\/wp-json\/wp\/v2\/types\/product"}],"version-history":[{"count":2,"href":"https:\/\/rubi5.com\/staging\/wp-json\/wp\/v2\/product\/57932\/revisions"}],"predecessor-version":[{"id":57940,"href":"https:\/\/rubi5.com\/staging\/wp-json\/wp\/v2\/product\/57932\/revisions\/57940"}],"wp:featuredmedia":[{"embeddable":true,"href":"https:\/\/rubi5.com\/staging\/wp-json\/wp\/v2\/media\/62279"}],"wp:attachment":[{"href":"https:\/\/rubi5.com\/staging\/wp-json\/wp\/v2\/media?parent=57932"}],"wp:term":[{"taxonomy":"product_brand","embeddable":true,"href":"https:\/\/rubi5.com\/staging\/wp-json\/wp\/v2\/product_brand?post=57932"},{"taxonomy":"product_cat","embeddable":true,"href":"https:\/\/rubi5.com\/staging\/wp-json\/wp\/v2\/product_cat?post=57932"},{"taxonomy":"product_tag","embeddable":true,"href":"https:\/\/rubi5.com\/staging\/wp-json\/wp\/v2\/product_tag?post=57932"}],"curies":[{"name":"wp","href":"https:\/\/api.w.org\/{rel}","templated":true}]}}